Caldas1b

NOAA reports



Report for 2024 June
                   Monthly Climatological Summary for jun 2024

Name: www.meteocaldas.com   City: Caldas da Rainha   State: Portugal
Elevation: 130 m  Lat: N 39° 24' 29"   Lon: W 009° 08' 05"

                  Temperature (°C), Rain (mm), Wind Speed (km/h)

                                      Heat  Cool        Avg
    Mean                              Deg   Deg         Wind                 Dom
Day Temp  High   Time   Low    Time   Days  Days  Rain  Speed High   Time    Dir
----------------------------------------------------------------------------------
 1  21,4  31,3   13:26  14,6   04:15   0,8   3,9   0,0   0,0   0,0   00:00   ---
 2  20,8  28,7   12:41  15,7   02:31   0,3   2,8   0,0   0,0   0,0   00:00   ---
 3  19,5  24,7   11:25  15,2   06:59   0,7   2,0   0,0   0,0   2,5   14:18   ---
 4  17,9  21,8   14:02  15,6   04:43   1,1   0,8   0,0   0,0   0,0   00:00   ---
 5  17,2  20,2   15:32  15,1   23:52   1,3   0,2   0,0   0,0   0,0   00:00   ---
 6  16,7  20,5   12:38  14,3   04:32   1,8   0,2   0,0   0,0   0,0   00:00   ---
 7  19,2  28,3   12:33  15,5   05:59   0,9   1,7  19,5   0,0   0,0   00:00   ---
 8  17,4  21,7   17:16  15,7   07:26   1,2   0,3  11,1   0,0   0,0   00:00   ---
 9  16,5  18,6   16:01  15,2   01:55   1,8   0,0   0,9   0,0   0,0   00:00   ---
10  17,3  20,9   16:26  15,4   00:50   1,3   0,3   0,0   0,0   0,0   00:00   ---
11  16,4  18,8   14:36  15,2   06:59   1,9   0,0   0,0   0,0   0,0   00:00   ---
12  15,7  17,7   13:34  14,4   23:55   2,6   0,0   0,0   0,0   0,0   00:00   ---
13  15,8  18,9   14:50  13,7   03:04   2,5   0,0   0,0   0,0   0,0   00:00   ---
14  16,7  20,8   11:49  14,2   00:00   1,8   0,2   0,0   0,0   2,5   14:57   ---
15  15,6  18,3   13:22  13,4   04:49   2,7   0,0   0,0   0,0   0,0   00:00   ---
16  17,1  20,9   13:57  13,8   05:47   1,6   0,4   0,0   0,0   0,0   00:00   ---
17  18,0  21,8   13:21  15,2   06:47   1,0   0,7   1,2   0,0   0,0   00:00   ---
18  17,3  20,7   15:27  14,8   08:33   1,3   0,3  12,0   0,0   0,0   00:00   ---
19  16,4  19,8   15:56  14,4   06:23   1,9   0,0   0,3   0,0   0,0   00:00   ---
----------------------------------------------------------------------------------
    17,5  31,3     1    13,4    15    28,5  13,8  45,0   0,0   2,5     3     ---

Max >=  27,0:  3
Max <=   0,0:  0
Min <=   0,0:  0
Min <= -18,0:  0
Max Rain: 19,5 on day 7
Days of Rain: 6 (>= 0,2 mm)  3 (>= 2,0 mm)  0 (>= 20,0 mm)
Heat Base: 18,3  Cool Base: 18,3  Method: Integration