Caldas1b

Relatórios NOAA


Selecione um ano ou um mês para obter o Relatório
2024: Jan Fev Mar Abr Mai Jun Jul Ago Set Out Nov Dez
2023: Jan Fev Mar Abr Mai Jun Jul Ago Set Out Nov Dez
2022: Jan Fev Mar Abr Mai Jun Jul Ago Set Out Nov Dez
2021: Jan Fev Mar Abr Mai Jun Jul Ago Set Out Nov Dez
2020: Jan Fev Mar Abr Mai Jun Jul Ago Set Out Nov Dez
2019: Jan Fev Mar Abr Mai Jun Jul Ago Set Out Nov Dez
2018: Jan Fev Mar Abr Mai Jun Jul Ago Set Out Nov Dez
2017: Jan Fev Mar Abr Mai Jun Jul Ago Set Out Nov Dez
2016: Jan Fev Mar Abr Mai Jun Jul Ago Set Out Nov Dez
2015: Jan Fev Mar Abr Mai Jun Jul Ago Set Out Nov Dez

Relatório para o 2015 Agosto
                   Monthly Climatological Summary for ago 2015

Name: www.meteocaldas.org   City: Caldas da Rainha   State: Portugal
Elevation: 98 m  Lat: N 39° 24' 29"   Lon: W 009° 08' 05"

                  Temperature (°C), Rain (mm), Wind Speed (km/h)

                                      Heat  Cool        Avg
    Mean                              Deg   Deg         Wind                 Dom
Day Temp  High   Time   Low    Time   Days  Days  Rain  Speed High   Time    Dir
----------------------------------------------------------------------------------
 1  20,0  24,1   12:47  17,1   06:35   0,2   1,9   0,0  13,3  26,6   00:56   NNW
 2  19,2  24,2   13:27  16,4   01:33   0,6   1,5   0,0  10,8  25,9   20:41     N
 3  20,8  26,3   15:19  16,4   02:27   0,5   3,1   0,0  14,3  32,8   14:10     N
 4  19,4  22,8   12:47  16,2   23:49   0,4   1,5   0,0  16,1  32,8   14:26     N
 5  19,8  24,8   15:24  15,1   04:57   0,8   2,4   0,0  12,2  30,2   15:17     N
 6  21,5  26,3   11:56  18,0   06:49   0,0   3,2   0,0  13,4  32,8   18:11   NNW
 7  19,5  22,9   13:26  16,7   22:25   0,2   1,4   0,0  24,8  60,1   18:25     N
 8  18,3  22,1   14:47  15,0   06:27   1,1   1,1   0,0  22,3  48,2   14:50     N
 9  22,2  34,6   12:49  14,9   06:46   1,0   4,9   0,0   7,3  24,8   15:01   NNW
10  20,9  26,6   13:31  17,4   05:37   0,1   2,7   0,0  10,2  30,2   17:44   NNW
11  20,0  24,3   13:38  18,1   06:09   0,0   1,8   0,0  11,2  28,4   15:00   NNW
12  20,4  23,8   15:32  17,9   02:54   0,0   2,1   0,0   9,4  30,6   17:09   WNW
13  19,3  23,1   12:34  16,4   23:54   0,4   1,5   0,0  14,6  41,0   17:01   NNW
14  18,8  22,3   12:17  15,8   06:54   0,7   1,3   0,0  15,5  38,5   15:11   NNW
15  20,2  24,8   13:52  16,9   05:02   0,4   2,3   0,0  12,1  24,8   12:03    NW
16  22,3  24,9   17:15  20,5   23:54   0,0   1,1   0,0   8,4  17,3   19:50   WNW
17  20,8  25,0   12:10  18,4   23:24   0,0   2,5   1,0  12,3  36,7   15:32   NNW
18  18,9  22,0   14:43  16,6   23:44   0,3   0,9   0,0  19,9  40,3   04:57     N
19  19,5  25,7   12:07  16,3   04:29   0,8   2,0   0,0   9,8  21,2   14:19   NNW
20  20,4  27,8   14:58  16,3   06:08   0,7   2,7   0,0   9,1  26,3   20:19   NNW
21  19,0  23,1   13:10  16,8   04:49   0,5   1,2   0,0  15,7  37,8   17:48   NNW
22  20,5  26,4   15:05  17,7   23:57   0,0   2,2   0,0  12,9  33,1   15:43    NW
23  20,2  25,2   14:11  16,7   05:01   0,4   2,3   3,3  13,5  47,5   16:47    SW
24  19,7  23,6   14:25  16,9   06:15   0,3   1,8   0,0   9,2  24,5   14:48    NW
25  19,9  25,1   14:26  15,8   06:45   0,6   2,2   0,0   9,5  24,8   15:04   NNW
26  22,0  27,1   14:12  17,8   03:24   0,0   3,7   0,0   7,7  24,8   14:43     W
27  23,3  29,0   14:19  20,5   02:16   0,0   5,0   0,0   9,6  24,8   13:36    SW
28  23,6  28,7   13:05  20,1   23:58   0,0   5,3   0,0   8,1  25,6   15:25    NW
29  20,9  24,9   13:59  17,7   07:27   0,0   2,7   0,0  10,5  25,9   19:07   NNW
30  24,7  31,0   12:06  19,7   00:46   0,0   6,4   0,0  11,5  31,7   13:20     S
31  23,3  29,2   14:34  20,2   23:21   0,0   5,0   0,0   9,8  27,7   15:34     W
----------------------------------------------------------------------------------
    20,6  34,6     9    14,9     9    10,0  79,7   4,3  12,4  60,1     7     NNW

Max >=  27,0:  7
Max <=   0,0:  0
Min <=   0,0:  0
Min <= -18,0:  0
Max Rain: 3,3 on day 23
Days of Rain: 2 (>= 0,2 mm)  1 (>= 2,0 mm)  0 (>= 20,0 mm)
Heat Base: 18,3  Cool Base: 18,3  Method: Integration