Caldas1b

Relatórios NOAA


Selecione um ano ou um mês para obter o Relatório
2024: Jan Fev Mar Abr Mai Jun Jul Ago Set Out Nov Dez
2023: Jan Fev Mar Abr Mai Jun Jul Ago Set Out Nov Dez
2022: Jan Fev Mar Abr Mai Jun Jul Ago Set Out Nov Dez
2021: Jan Fev Mar Abr Mai Jun Jul Ago Set Out Nov Dez
2020: Jan Fev Mar Abr Mai Jun Jul Ago Set Out Nov Dez
2019: Jan Fev Mar Abr Mai Jun Jul Ago Set Out Nov Dez
2018: Jan Fev Mar Abr Mai Jun Jul Ago Set Out Nov Dez
2017: Jan Fev Mar Abr Mai Jun Jul Ago Set Out Nov Dez
2016: Jan Fev Mar Abr Mai Jun Jul Ago Set Out Nov Dez
2015: Jan Fev Mar Abr Mai Jun Jul Ago Set Out Nov Dez

Relatório para o 2015 Setembro
                   Monthly Climatological Summary for set 2015

Name: www.meteocaldas.org   City: Caldas da Rainha   State: Portugal
Elevation: 98 m  Lat: N 39° 24' 29"   Lon: W 009° 08' 05"

                  Temperature (°C), Rain (mm), Wind Speed (km/h)

                                      Heat  Cool        Avg
    Mean                              Deg   Deg         Wind                 Dom
Day Temp  High   Time   Low    Time   Days  Days  Rain  Speed High   Time    Dir
----------------------------------------------------------------------------------
 1  19,7  21,6   14:41  18,2   23:43   0,0   1,4   0,0  12,3  32,0   14:36   NNW
 2  19,2  22,2   15:16  17,7   23:47   0,1   1,1   0,0  16,4  38,9   16:56    NW
 3  18,3  21,2   14:51  16,8   23:27   0,4   0,5   0,0  18,1  39,2   18:19   NNW
 4  17,5  20,5   14:40  15,9   22:54   1,0   0,3   0,0  16,7  33,8   04:34   NNW
 5  19,1  26,6   14:39  16,0   00:00   0,9   1,7   0,0   6,9  20,2   17:33    NW
 6  19,7  25,8   14:14  15,0   06:49   0,8   2,2   0,0   7,4  25,6   18:02   NNW
 7  19,9  26,6   12:39  14,7   04:28   1,0   2,6   0,0  10,1  28,1   16:09   NNW
 8  19,0  23,5   13:55  16,2   07:26   0,7   1,4   0,0  10,3  25,9   16:00   NNW
 9  19,4  26,1   12:03  15,4   07:21   0,9   2,1   1,0   8,0  27,7   21:10    NW
10  18,1  21,7   15:01  15,4   06:36   1,0   0,8   0,0  12,8  36,0   16:28     N
11  18,5  23,5   14:41  15,1   06:51   0,9   1,2   0,0  10,8  28,1   12:20   NNW
12  19,2  23,7   11:00  16,9   23:50   0,4   1,3   0,0  10,4  37,8   16:23   WNW
13  18,6  22,1   12:58  15,8   06:21   0,7   1,0   2,0  11,9  45,0   13:51   SSW
14  18,8  22,6   14:10  16,2   23:59   0,6   1,2   0,0   8,0  28,4   12:46   NNW
15  18,8  21,6   13:21  15,8   01:52   0,7   1,2   0,0  19,9  51,5   15:00     S
16  19,7  23,5   11:59  16,0   23:42   0,2   1,7   2,0  19,6  67,7   06:46    SW
17  17,9  22,2   14:42  14,8   06:50   1,3   1,0   0,0   9,8  26,6   15:03    NW
18  17,1  21,3   14:08  13,8   07:09   1,9   0,7   0,0  18,0  39,2   14:05     N
19  18,6  25,1   13:27  14,2   07:23   1,4   1,7   0,0  11,3  29,9   15:30     N
20  19,6  26,3   13:30  15,5   06:03   0,7   1,9   0,0   9,2  24,5   16:56   NNW
21  17,9  21,0   13:17  15,1   05:15   0,9   0,6   0,0  14,3  32,0   21:37   NNW
22  17,4  20,8   14:33  15,3   06:23   1,2   0,4   0,0  19,4  43,6   14:19     N
23  17,3  21,3   14:29  15,5   07:43   1,4   0,5   0,0  18,4  35,6   19:44     N
24  17,7  22,6   14:20  15,6   00:00   1,3   0,7   0,0  10,0  21,2   16:38   NNW
25  18,9  23,9   15:25  16,6   00:00   0,8   1,3   0,0   9,1  20,9   17:42   NNW
26  17,6  21,5   14:14  16,1   23:38   1,1   0,4   0,0  11,1  24,8   16:55     N
27  17,1  22,8   14:03  14,7   23:59   1,9   0,7   0,0  11,2  25,2   19:30     N
28  16,7  22,4   12:42  13,0   07:22   2,4   0,8   0,0   7,4  19,8   16:01   NNW
29  20,2  29,6   14:13  14,8   04:04   0,9   2,7   4,3   7,6  28,1   14:44     S
30  20,5  26,0   11:44  16,3   07:05   0,2   2,4   0,0   8,0  22,3   14:40   WSW
----------------------------------------------------------------------------------
    18,6  29,6    29    13,0    28    27,7  37,5   9,3  12,1  67,7    16     NNW

Max >=  27,0:  1
Max <=   0,0:  0
Min <=   0,0:  0
Min <= -18,0:  0
Max Rain: 4,3 on day 29
Days of Rain: 4 (>= 0,2 mm)  3 (>= 2,0 mm)  0 (>= 20,0 mm)
Heat Base: 18,3  Cool Base: 18,3  Method: Integration