Caldas1b

Relatórios NOAA


Selecione um ano ou um mês para obter o Relatório
2024: Jan Fev Mar Abr Mai Jun Jul Ago Set Out Nov Dez
2023: Jan Fev Mar Abr Mai Jun Jul Ago Set Out Nov Dez
2022: Jan Fev Mar Abr Mai Jun Jul Ago Set Out Nov Dez
2021: Jan Fev Mar Abr Mai Jun Jul Ago Set Out Nov Dez
2020: Jan Fev Mar Abr Mai Jun Jul Ago Set Out Nov Dez
2019: Jan Fev Mar Abr Mai Jun Jul Ago Set Out Nov Dez
2018: Jan Fev Mar Abr Mai Jun Jul Ago Set Out Nov Dez
2017: Jan Fev Mar Abr Mai Jun Jul Ago Set Out Nov Dez
2016: Jan Fev Mar Abr Mai Jun Jul Ago Set Out Nov Dez
2015: Jan Fev Mar Abr Mai Jun Jul Ago Set Out Nov Dez

Relatório para o 2015 Dezembro
                   Monthly Climatological Summary for dez 2015

Name: www.meteocaldas.org   City: Caldas da Rainha   State: Portugal
Elevation: 98 m  Lat: N 39° 24' 29"   Lon: W 009° 08' 05"

                  Temperature (°C), Rain (mm), Wind Speed (km/h)

                                      Heat  Cool        Avg
    Mean                              Deg   Deg         Wind                 Dom
Day Temp  High   Time   Low    Time   Days  Days  Rain  Speed High   Time    Dir
----------------------------------------------------------------------------------
 1  12,7  14,5   15:43  11,3   06:37   5,6   0,0   0,0  12,7  27,7   11:48   ESE
 2  14,5  16,9   15:10  12,8   03:02   3,8   0,0   0,0  14,0  30,2   12:44   ESE
 3  15,8  19,2   14:59  12,9   07:33   2,6   0,1   0,0  14,6  32,8   10:58    SE
 4  15,1  18,7   13:12  12,9   07:52   3,2   0,0   0,0   6,1  17,6   15:34    NE
 5  15,2  20,1   14:47  11,0   08:09   3,3   0,2   0,0   7,8  24,5   09:30   ESE
 6  13,1  17,0   13:11   9,9   07:00   5,2   0,0   0,0  10,0  23,4   23:39   ESE
 7  13,7  15,4   14:36  12,4   02:28   4,6   0,0   0,0  16,5  32,4   13:53    SE
 8  14,0  18,1   14:15  12,3   23:31   4,3   0,0   1,5  10,4  27,0   01:26     E
 9  14,5  19,2   13:03  10,3   04:56   3,9   0,1   0,0   5,8  16,2   13:01   ENE
10  15,4  17,7   12:06  13,0   21:35   2,9   0,0   0,0   5,1  15,8   18:52   ENE
11  13,8  16,1   10:47  12,3   01:27   4,4   0,0   0,0   6,6  16,9   08:12     E
12  14,1  17,2   14:05  12,3   23:33   4,1   0,0   0,0  12,5  31,0   13:33   ESE
13  13,8  16,9   15:20  11,4   05:09   3,8   0,0   6,1  18,9  38,9   19:45    SE
14  16,1  18,0   14:57  14,2   00:31   2,2   0,0  11,4  15,8  37,8   10:03   SSE
15  16,6  20,8   14:05  14,5   07:53   2,0   0,3   0,0  17,4  39,6   04:46    SE
16  15,3  18,0   13:09  13,5   07:57   3,0   0,0   0,0  19,5  41,0   12:51   ESE
17  15,5  18,3   14:45  13,0   08:34   2,8   0,0   0,0  16,5  37,8   01:15    SE
18  16,1  19,1   15:24  13,9   23:24   2,3   0,1   0,0  16,7  42,5   12:45    SE
19  14,7  18,2   17:24  12,1   04:05   3,6   0,0   3,0  21,3  46,4   11:48    SE
20  14,7  19,0   12:41  10,7   23:56   3,6   0,0   0,0   5,8  19,4   16:04     W
21  12,0  16,3   12:35   8,6   23:56   6,3   0,0   0,0   9,6  17,6   22:15   ESE
22   8,4  12,5   13:20   6,5   02:58   9,9   0,0   0,0  14,4  28,4   04:34   ESE
23   9,8  13,8   13:23   7,2   00:47   8,5   0,0   0,0  14,0  30,2   09:26   ESE
24  10,7  12,4   14:50   9,1   00:10   7,6   0,0   1,5  17,2  28,4   08:51    SE
25  12,6  16,0   15:02  10,4   23:57   5,6   0,0   0,0  16,8  41,4   12:02    SE
26  12,6  16,0   15:18  10,0   02:03   5,7   0,0   0,0  18,5  41,8   09:28    SE
27  13,7  16,4   15:26  10,1   08:12   4,6   0,0   8,0  25,5  55,8   05:44    SE
28  14,8  17,6   11:38  13,1   22:30   3,5   0,0  31,6  17,7  49,0   11:51     S
29  13,3  17,5   14:04  10,0   08:45   5,0   0,0   0,0  10,5  20,2   13:24    SE
30  13,7  17,7   13:11  11,1   04:58   4,6   0,0  11,0  15,9  45,7   13:43   SSE
31  12,5  13,9   15:07  11,4   23:50   5,8   0,0   0,0   5,7  19,8   23:31    SE
----------------------------------------------------------------------------------
    13,8  20,8    15     6,5    22   138,3   0,8  74,1  13,5  55,8    27      SE

Max >=  27,0:  0
Max <=   0,0:  0
Min <=   0,0:  0
Min <= -18,0:  0
Max Rain: 31,6 on day 28
Days of Rain: 8 (>= 0,2 mm)  6 (>= 2,0 mm)  1 (>= 20,0 mm)
Heat Base: 18,3  Cool Base: 18,3  Method: Integration