Caldas1b

Relatórios NOAA


Selecione um ano ou um mês para obter o Relatório
2024: Jan Fev Mar Abr Mai Jun Jul Ago Set Out Nov Dez
2023: Jan Fev Mar Abr Mai Jun Jul Ago Set Out Nov Dez
2022: Jan Fev Mar Abr Mai Jun Jul Ago Set Out Nov Dez
2021: Jan Fev Mar Abr Mai Jun Jul Ago Set Out Nov Dez
2020: Jan Fev Mar Abr Mai Jun Jul Ago Set Out Nov Dez
2019: Jan Fev Mar Abr Mai Jun Jul Ago Set Out Nov Dez
2018: Jan Fev Mar Abr Mai Jun Jul Ago Set Out Nov Dez
2017: Jan Fev Mar Abr Mai Jun Jul Ago Set Out Nov Dez
2016: Jan Fev Mar Abr Mai Jun Jul Ago Set Out Nov Dez
2015: Jan Fev Mar Abr Mai Jun Jul Ago Set Out Nov Dez

Relatório para o 2016 Dezembro
                   Monthly Climatological Summary for dez 2016

Name: www.meteocaldas.org   City: Caldas da Rainha   State: Portugal
Elevation: 98 m  Lat: N 39° 24' 29"   Lon: W 009° 08' 05"

                  Temperature (°C), Rain (mm), Wind Speed (km/h)

                                      Heat  Cool        Avg
    Mean                              Deg   Deg         Wind                 Dom
Day Temp  High   Time   Low    Time   Days  Days  Rain  Speed High   Time    Dir
----------------------------------------------------------------------------------
 1  13,0  14,5   13:13  11,8   23:15   5,3   0,0   0,0  13,1  33,5   14:27   ESE
 2  12,8  15,8   12:41  10,8   07:35   5,5   0,0   0,0  14,5  38,9   20:42   ESE
 3  13,4  14,6   15:05  12,4   00:22   4,9   0,0  26,5  19,1  47,5   11:58   ESE
 4  14,9  17,5   13:51  13,6   07:43   3,4   0,0   2,4  16,1  41,0   15:12   ESE
 5  15,4  19,9   13:17  12,7   07:43   3,1   0,2   0,0   6,6  20,9   02:31     E
 6  15,3  19,3   12:58  11,3   06:51   3,2   0,1   0,0   7,1  34,6   11:00   ESE
 7  14,2  16,2   11:34  12,7   07:35   4,1   0,0   0,0  11,0  28,1   12:03   ESE
 8  13,3  17,1   13:10  10,8   08:08   5,0   0,0   0,0  12,5  37,8   12:30    SE
 9  13,6  18,4   14:49   9,5   06:27   4,7   0,0   0,0  14,1  36,0   13:49    SE
10  13,9  17,0   15:30  11,6   04:04   4,3   0,0   0,0  15,5  37,8   10:51    SE
11  15,0  19,8   13:22  13,0   03:15   3,5   0,2   0,0   8,4  22,0   09:53   ESE
12  13,8  19,3   12:41  10,8   07:50   4,6   0,1   0,0   2,1  11,9   14:57    NE
13  10,9  13,5   13:10   8,8   08:33   7,4   0,0   0,0  11,0  28,4   21:17   ESE
14  12,1  14,9   11:57  10,3   23:23   6,2   0,0  15,2  13,6  43,6   04:42    NW
15  11,1  13,4   13:38   8,9   04:55   7,2   0,0   2,4   7,4  37,8   20:46   SSW
16   9,7  11,0   00:00   7,8   09:36   7,3   0,0  34,1  20,3  57,6   14:05     N
17  11,3  16,6   14:59   7,2   05:57   7,0   0,0   0,0  10,9  32,0   16:15   NNE
18  12,7  16,0   12:57   9,5   23:06   5,6   0,0   0,0   9,0  28,4   11:33    NE
19   9,9  13,4   12:41   6,5   08:55   8,4   0,0   0,0   8,6  23,0   13:22   NNE
20   9,2  13,0   12:45   6,0   08:19   9,1   0,0   0,0   7,8  20,5   18:32   NNE
21  10,5  14,0   12:17   7,8   07:29   7,8   0,0   0,0   7,7  17,6   18:28   NNE
22  12,0  15,5   12:36   9,4   07:16   6,3   0,0   0,0   9,1  17,6   13:26   NNE
23  11,4  16,2   13:14   9,5   07:52   6,6   0,0   0,0  12,3  28,4   23:18   NNE
24  12,1  18,0   13:07   8,7   08:09   6,2   0,0   0,0   4,2  20,2   01:30   NNE
25  12,6  17,8   13:22  10,2   05:50   5,7   0,0   0,0   5,7  24,8   10:20     E
26  11,5  14,9   14:52   9,5   07:52   6,8   0,0   0,0   2,4  11,5   16:30   ENE
27  11,1  15,1   15:01   8,1   05:50   7,2   0,0   0,0   4,6  21,2   11:20   ESE
28  12,8  17,7   13:31   9,3   02:25   5,5   0,0   0,0   3,3  18,0   14:08   ESE
29  12,6  16,7   14:55   9,8   07:21   5,7   0,0   0,0   6,6  24,8   01:04     E
30  11,5  16,4   14:00   8,5   23:32   6,8   0,0   0,0   6,3  24,8   10:50   ESE
31   9,4  13,5   15:38   7,4   07:31   8,9   0,0   0,0   8,5  25,9   11:06   ESE
----------------------------------------------------------------------------------
    12,4  19,9     5     6,0    20   183,3   0,6  80,6   9,6  57,6    16       E

Max >=  27,0:  0
Max <=   0,0:  0
Min <=   0,0:  0
Min <= -18,0:  0
Max Rain: 34,1 on day 16
Days of Rain: 5 (>= 0,2 mm)  5 (>= 2,0 mm)  2 (>= 20,0 mm)
Heat Base: 18,3  Cool Base: 18,3  Method: Integration