Caldas1b

Relatórios NOAA


Selecione um ano ou um mês para obter o Relatório
2024: Jan Fev Mar Abr Mai Jun Jul Ago Set Out Nov Dez
2023: Jan Fev Mar Abr Mai Jun Jul Ago Set Out Nov Dez
2022: Jan Fev Mar Abr Mai Jun Jul Ago Set Out Nov Dez
2021: Jan Fev Mar Abr Mai Jun Jul Ago Set Out Nov Dez
2020: Jan Fev Mar Abr Mai Jun Jul Ago Set Out Nov Dez
2019: Jan Fev Mar Abr Mai Jun Jul Ago Set Out Nov Dez
2018: Jan Fev Mar Abr Mai Jun Jul Ago Set Out Nov Dez
2017: Jan Fev Mar Abr Mai Jun Jul Ago Set Out Nov Dez
2016: Jan Fev Mar Abr Mai Jun Jul Ago Set Out Nov Dez
2015: Jan Fev Mar Abr Mai Jun Jul Ago Set Out Nov Dez

Relatório para o 2017 Janeiro
                   Monthly Climatological Summary for jan 2017

Name: www.meteocaldas.org   City: Caldas da Rainha   State: Portugal
Elevation: 130 m  Lat: N 39° 24' 29"   Lon: W 009° 08' 05"

                  Temperature (°C), Rain (mm), Wind Speed (km/h)

                                      Heat  Cool        Avg
    Mean                              Deg   Deg         Wind                 Dom
Day Temp  High   Time   Low    Time   Days  Days  Rain  Speed High   Time    Dir
----------------------------------------------------------------------------------
 1   8,2  10,7   14:45   6,7   03:34  10,1   0,0   0,0  14,2  41,8   23:43   ESE
 2  11,1  12,9   21:52   8,5   00:00   7,2   0,0  15,2  22,7  49,3   09:08   ESE
 3  13,1  15,6   11:48  12,1   20:26   5,0   0,0   8,8  12,8  28,4   11:16   ESE
 4  13,4  16,8   14:16  11,8   04:40   4,9   0,0   0,0   8,3  27,0   11:07   ESE
 5  12,3  17,7   14:12   9,5   07:52   6,0   0,0   0,0   1,1  12,2   23:53   ESE
 6  10,4  13,6   14:45   7,7   07:13   7,9   0,0   1,2   1,5  14,0   11:26   ESE
 7  10,7  15,8   13:17   7,8   03:50   7,6   0,0   0,0   4,1  20,9   11:46   ESE
 8   9,5  14,8   12:13   6,4   07:43   8,8   0,0   0,0   2,9  16,9   23:10   NNE
 9   9,4  13,8   13:11   5,3   08:02   8,9   0,0   0,0   5,9  21,2   15:50     N
10  12,0  14,1   12:40   9,3   00:00   6,3   0,0   0,0  18,3  50,4   19:48     N
11  12,5  15,8   14:23  10,3   07:50   5,4   0,0   0,0  11,1  37,1   00:13     N
12  12,0  14,3   14:08  10,8   07:48   6,3   0,0   0,0   2,0  13,7   14:32   NNW
13  10,8  12,2   12:57   8,4   23:53   7,5   0,0   0,0  15,8  38,2   16:50     N
14   7,9  11,7   14:01   4,4   07:14  10,4   0,0   0,0  10,5  28,1   13:01   NNE
15   8,5  12,1   13:29   5,5   07:01   9,8   0,0   0,0   5,3  17,6   15:47     N
16   9,3  14,2   13:56   6,0   06:36   9,0   0,0   0,0   5,5  20,2   16:02     N
17  10,3  14,4   13:03   7,0   06:57   8,0   0,0   0,0   3,2  17,6   20:33     N
18   6,8   9,8   00:00   3,2   23:11  11,5   0,0   0,0   6,0  25,6   13:25     E
19   6,3   9,2   11:44   3,2   00:00   7,3   0,0   0,0   7,2  22,3   15:19     N
20   6,8  12,6   13:44   1,8   07:04  11,5   0,0   0,0   2,0  14,0   15:02   NNE
21   9,1  13,8   13:15   5,4   08:04   9,2   0,0   0,0   2,5  20,2   13:39     N
22   9,3  13,2   12:13   6,7   07:59   9,0   0,0   0,3   5,5  29,2   16:05     N
23   8,8  12,6   13:57   5,2   08:25   9,5   0,0   0,0   7,5  24,5   14:57     N
24   9,6  13,9   13:10   6,8   05:54   8,7   0,0   0,0   2,6  16,6   15:43     N
25   9,4  13,6   13:28   4,9   07:41   8,9   0,0   0,0   4,2  16,6   22:38   ESE
26  10,7  12,8   16:52   9,6   00:34   7,6   0,0  12,5  11,5  41,0   11:00    SE
27  10,5  13,6   15:06   8,1   06:43   7,8   0,0  12,8  14,7  51,1   18:49   WNW
28  11,7  15,2   13:45   9,2   09:27   6,6   0,0   2,4   5,3  22,3   14:28     S
29  13,9  15,3   15:57  12,3   00:26   4,4   0,0   0,0  10,2  28,1   14:53     S
30  13,3  15,0   14:00  12,5   07:23   5,0   0,0   0,0   8,4  25,6   14:49   SSE
31  11,3  13,0   16:26   9,8   05:59   7,0   0,0  14,0  10,7  37,4   06:58    SE
----------------------------------------------------------------------------------
    10,3  17,7     5     1,8    20   243,1   0,0  67,2   7,9  51,1    27     ENE

Max >=  27,0:  0
Max <=   0,0:  0
Min <=   0,0:  0
Min <= -18,0:  0
Max Rain: 15,2 on day 2
Days of Rain: 8 (>= 0,2 mm)  6 (>= 2,0 mm)  0 (>= 20,0 mm)
Heat Base: 18,3  Cool Base: 18,3  Method: Integration