Caldas1b

Relatórios NOAA


Selecione um ano ou um mês para obter o Relatório
2024: Jan Fev Mar Abr Mai Jun Jul Ago Set Out Nov Dez
2023: Jan Fev Mar Abr Mai Jun Jul Ago Set Out Nov Dez
2022: Jan Fev Mar Abr Mai Jun Jul Ago Set Out Nov Dez
2021: Jan Fev Mar Abr Mai Jun Jul Ago Set Out Nov Dez
2020: Jan Fev Mar Abr Mai Jun Jul Ago Set Out Nov Dez
2019: Jan Fev Mar Abr Mai Jun Jul Ago Set Out Nov Dez
2018: Jan Fev Mar Abr Mai Jun Jul Ago Set Out Nov Dez
2017: Jan Fev Mar Abr Mai Jun Jul Ago Set Out Nov Dez
2016: Jan Fev Mar Abr Mai Jun Jul Ago Set Out Nov Dez
2015: Jan Fev Mar Abr Mai Jun Jul Ago Set Out Nov Dez

Relatório para o 2017 Março
                   Monthly Climatological Summary for mar 2017

Name: www.meteocaldas.org   City: Caldas da Rainha   State: Portugal
Elevation: 130 m  Lat: N 39° 24' 29"   Lon: W 009° 08' 05"

                  Temperature (°C), Rain (mm), Wind Speed (km/h)

                                      Heat  Cool        Avg
    Mean                              Deg   Deg         Wind                 Dom
Day Temp  High   Time   Low    Time   Days  Days  Rain  Speed High   Time    Dir
----------------------------------------------------------------------------------
 1  13,0  16,8   12:23  10,7   05:53   5,3   0,0   0,0   2,8  14,0   16:02   SSW
 2  13,1  17,7   13:06   9,0   05:51   5,2   0,0   0,0   3,8  20,5   16:44     S
 3   9,4  11,5   04:40   7,9   08:35   8,9   0,0  23,2  16,7  60,8   17:36     W
 4  10,0  12,7   13:51   6,7   06:40   8,3   0,0   9,2   7,9  22,0   11:57   NNE
 5  14,1  15,7   13:47  11,6   00:00   4,2   0,0   5,9  10,5  26,3   00:49     W
 6  13,8  14,9   13:26  12,9   22:57   4,5   0,0   0,8   7,3  20,5   13:41     W
 7  13,0  16,3   13:02  11,1   23:59   5,2   0,0   0,0  10,1  30,2   13:55     N
 8  12,4  15,8   15:58   9,9   05:57   5,9   0,0   0,0   3,7  15,8   13:03   NNW
 9  18,6  25,6   15:55  12,0   00:57   1,6   1,9   0,0   7,7  23,8   13:15   ESE
10  18,8  24,9   15:42  14,1   06:40   1,2   1,7   0,0   8,6  28,1   09:04    SE
11  14,2  16,6   00:00  12,0   23:51   4,1   0,0   0,0  15,7  44,3   13:52   NNW
12  12,6  14,4   11:04  11,2   23:01   5,7   0,0   0,0  27,7  59,8   14:05     N
13  11,6  13,4   16:30   9,3   06:45   6,7   0,0   0,0  23,3  54,4   08:42     N
14  14,4  18,1   16:42   9,9   03:24   3,9   0,0   0,0   8,0  32,0   16:20    NE
15  17,2  21,8   16:02  13,3   23:47   1,7   0,6   0,0   8,0  42,1   09:28     E
16  16,8  20,4   15:23  11,9   01:37   1,3   0,3   0,0   4,2  20,9   12:31     E
17  15,4  19,4   15:45  13,0   03:27   3,0   0,1   0,0   7,3  32,8   08:59   ENE
18  13,9  21,2   12:43   9,7   06:57   4,5   0,2   0,0   4,6  20,2   15:08     N
19  12,6  14,9   12:45  11,3   04:09   5,7   0,0   0,0   9,6  33,1   16:17   NNW
20  12,6  14,3   14:10  11,6   06:43   5,7   0,0   0,0  17,9  38,2   13:36   NNW
21  12,6  14,8   14:21  11,3   21:53   5,6   0,0   1,1  12,5  44,6   08:52    NW
22  10,5  13,0   12:58   8,0   19:41   7,8   0,0  11,5  17,0  50,4   13:02   WNW
23   7,4  10,1   11:31   5,4   23:07  10,9   0,0  16,5  11,9  45,7   11:37    NW
24   7,6  11,5   13:57   4,9   02:51  10,7   0,0  13,7   5,1  31,3   23:13    SE
25   9,1  12,3   16:06   5,7   03:26   9,2   0,0   2,5  15,0  38,2   14:02   SSE
26   9,5  11,6   17:11   7,6   07:39   8,4   0,0  21,8  11,2  36,4   23:02   SSE
27  12,9  15,8   15:42  10,2   00:00   5,4   0,0   1,1   8,7  35,6   14:33   SSW
28  13,0  18,7   16:53   8,4   07:29   5,3   0,0   0,0  10,0  27,7   12:03    SE
29  15,2  21,6   15:24  10,7   06:55   3,6   0,5   0,0   8,5  24,8   11:57    SE
30  16,4  22,0   14:17  13,0   01:30   2,4   0,5   0,0  10,6  32,8   15:50     S
31  15,2  17,7   14:36  12,7   07:48   3,1   0,0   1,0   8,0  28,1   15:54   WSW
----------------------------------------------------------------------------------
    13,1  25,6     9     4,9    24   165,0   5,8 108,3  10,5  60,8     3     NNW

Max >=  27,0:  0
Max <=   0,0:  0
Min <=   0,0:  0
Min <= -18,0:  0
Max Rain: 23,2 on day 3
Days of Rain: 12 (>= 0,2 mm)  8 (>= 2,0 mm)  2 (>= 20,0 mm)
Heat Base: 18,3  Cool Base: 18,3  Method: Integration