Caldas1b

Relatórios NOAA


Selecione um ano ou um mês para obter o Relatório
2024: Jan Fev Mar Abr Mai Jun Jul Ago Set Out Nov Dez
2023: Jan Fev Mar Abr Mai Jun Jul Ago Set Out Nov Dez
2022: Jan Fev Mar Abr Mai Jun Jul Ago Set Out Nov Dez
2021: Jan Fev Mar Abr Mai Jun Jul Ago Set Out Nov Dez
2020: Jan Fev Mar Abr Mai Jun Jul Ago Set Out Nov Dez
2019: Jan Fev Mar Abr Mai Jun Jul Ago Set Out Nov Dez
2018: Jan Fev Mar Abr Mai Jun Jul Ago Set Out Nov Dez
2017: Jan Fev Mar Abr Mai Jun Jul Ago Set Out Nov Dez
2016: Jan Fev Mar Abr Mai Jun Jul Ago Set Out Nov Dez
2015: Jan Fev Mar Abr Mai Jun Jul Ago Set Out Nov Dez

Relatório para o 2017 Agosto
                   Monthly Climatological Summary for ago 2017

Name: www.meteocaldas.org   City: Caldas da Rainha   State: Portugal
Elevation: 130 m  Lat: N 39° 24' 29"   Lon: W 009° 08' 05"

                  Temperature (°C), Rain (mm), Wind Speed (km/h)

                                      Heat  Cool        Avg
    Mean                              Deg   Deg         Wind                 Dom
Day Temp  High   Time   Low    Time   Days  Days  Rain  Speed High   Time    Dir
----------------------------------------------------------------------------------
 1  19,0  23,2   12:52  15,5   05:19   0,9   1,6   0,0   9,9  25,9   15:46   NNW
 2  19,3  22,8   14:38  15,5   06:05   0,8   1,8   0,0  13,3  39,6   12:07   NNW
 3  21,6  26,2   14:49  18,8   07:50   0,0   3,3   0,0  12,3  28,4   16:21   NNW
 4  21,5  24,6   12:19  19,6   07:23   0,0   3,2   0,0  14,6  32,0   17:09     N
 5  19,1  21,0   15:06  17,2   23:51   0,2   1,0   1,0  19,4  45,0   14:14     N
 6  19,1  24,0   14:02  15,7   06:33   0,8   1,6   0,0  11,9  28,1   14:56   NNW
 7  18,3  21,8   15:11  16,1   23:48   0,7   0,7   0,0  15,9  47,2   17:29   NNW
 8  17,6  21,3   13:48  15,1   06:29   1,3   0,6   0,0  20,2  48,6   18:16     N
 9  17,3  20,3   14:16  15,0   05:08   1,3   0,3   0,0  24,5  60,1   15:50     N
10  18,0  22,6   15:07  13,3   06:26   1,6   1,3   0,0  12,1  38,2   16:34     N
11  20,4  30,3   12:30  14,4   05:17   1,1   3,2   0,0   7,3  25,6   19:17     N
12  19,4  26,9   12:24  15,2   05:26   1,1   2,2   0,0   7,4  24,8   14:24   NNW
13  19,4  27,7   12:49  15,5   07:01   1,1   2,2   0,0   6,6  22,7   16:22   NNW
14  18,3  22,1   15:07  15,9   06:59   0,8   0,8   0,0  12,1  32,0   17:54   NNW
15  18,6  22,4   14:10  16,5   23:57   0,6   0,9   0,0  15,1  38,5   14:10     N
16  18,8  23,2   14:53  15,3   02:59   0,9   1,5   0,0  13,0  33,5   17:03   NNW
17  19,7  23,5   12:23  18,2   00:08   0,0   1,4   0,0  17,8  41,0   22:46     N
18  18,9  21,8   16:20  15,8   06:54   0,5   1,0   0,0  16,6  40,3   02:53     N
19  18,7  22,2   14:05  16,7   04:01   0,7   1,0   0,0  15,1  35,3   18:58   NNW
20  23,9  32,7   12:19  16,1   04:13   0,5   6,2   0,0   4,0  17,6   15:51   NNW
21  24,8  32,6   13:03  18,6   06:36   0,0   6,5   0,0   6,0  28,1   13:12    SW
22  19,5  25,3   12:52  17,0   07:36   0,4   1,6   0,0   7,3  24,8   19:56   NNW
23  19,2  22,6   15:13  16,9   01:48   0,3   1,2   0,0  14,4  33,8   17:37     N
24  19,5  23,6   14:20  17,3   06:34   0,3   1,5   0,0  15,4  30,2   15:54     N
25  18,9  23,6   13:53  15,0   06:04   0,9   1,4   0,0  11,9  27,0   15:31     N
26  20,4  27,5   12:14  16,8   04:03   0,3   2,4   0,0   6,2  25,2   12:54   NNW
27  21,2  25,9   14:33  18,7   02:30   0,0   2,9   0,0   5,3  25,2   15:48   WNW
28  19,4  23,2   12:03  16,9   04:59   0,2   1,3   2,0   4,2  25,6   17:41   NNW
29  20,4  23,5   13:54  18,9   05:48   0,0   2,1   3,0   5,4  23,4   16:24    NW
30  20,5  24,2   10:28  17,4   23:43   0,1   2,2   0,0   9,4  28,4   16:58   NNW
31  18,7  22,1   13:30  16,6   23:58   0,6   1,0   0,0  14,6  31,7   15:15     N
----------------------------------------------------------------------------------
    19,7  32,7    20    13,3    10    18,0  59,9   6,0  11,9  60,1     9     NNW

Max >=  27,0:  5
Max <=   0,0:  0
Min <=   0,0:  0
Min <= -18,0:  0
Max Rain: 3,0 on day 29
Days of Rain: 3 (>= 0,2 mm)  2 (>= 2,0 mm)  0 (>= 20,0 mm)
Heat Base: 18,3  Cool Base: 18,3  Method: Integration