Caldas1b

Relatórios NOAA


Selecione um ano ou um mês para obter o Relatório
2024: Jan Fev Mar Abr Mai Jun Jul Ago Set Out Nov Dez
2023: Jan Fev Mar Abr Mai Jun Jul Ago Set Out Nov Dez
2022: Jan Fev Mar Abr Mai Jun Jul Ago Set Out Nov Dez
2021: Jan Fev Mar Abr Mai Jun Jul Ago Set Out Nov Dez
2020: Jan Fev Mar Abr Mai Jun Jul Ago Set Out Nov Dez
2019: Jan Fev Mar Abr Mai Jun Jul Ago Set Out Nov Dez
2018: Jan Fev Mar Abr Mai Jun Jul Ago Set Out Nov Dez
2017: Jan Fev Mar Abr Mai Jun Jul Ago Set Out Nov Dez
2016: Jan Fev Mar Abr Mai Jun Jul Ago Set Out Nov Dez
2015: Jan Fev Mar Abr Mai Jun Jul Ago Set Out Nov Dez

Relatório para o 2017 Setembro
                   Monthly Climatological Summary for set 2017

Name: www.meteocaldas.org   City: Caldas da Rainha   State: Portugal
Elevation: 130 m  Lat: N 39° 24' 29"   Lon: W 009° 08' 05"

                  Temperature (°C), Rain (mm), Wind Speed (km/h)

                                      Heat  Cool        Avg
    Mean                              Deg   Deg         Wind                 Dom
Day Temp  High   Time   Low    Time   Days  Days  Rain  Speed High   Time    Dir
----------------------------------------------------------------------------------
 1  18,3  22,0   13:27  15,4   07:12   1,0   1,0   0,0  18,4  41,4   14:25     N
 2  19,7  27,0   12:24  14,3   06:51   1,2   2,6   0,0   9,4  27,7   13:45   NNW
 3  18,1  21,9   15:08  14,6   07:12   1,2   1,1   0,0  12,3  31,0   16:08   NNW
 4  20,1  24,2   11:57  18,4   23:24   0,0   1,8   2,3  10,5  31,3   17:30    NW
 5  19,3  22,8   12:57  17,6   07:36   0,1   1,1   0,0  17,9  40,3   17:25     N
 6  18,1  21,9   14:58  16,2   23:01   0,9   0,7   0,0  14,8  38,9   03:56   NNW
 7  18,4  24,7   14:42  14,8   06:48   1,4   1,5   0,0  10,3  22,7   13:07   NNW
 8  17,1  20,5   15:03  14,1   07:21   1,7   0,4   0,0  16,7  39,6   16:41   NNW
 9  18,6  21,5   12:54  16,2   23:55   0,5   0,7   0,0  17,4  44,6   13:15   NNW
10  17,4  21,1   13:36  14,4   07:06   1,5   0,6   0,0  15,1  42,1   17:19   NNW
11  18,4  22,7   15:23  16,0   04:52   1,0   1,1   0,0  16,4  38,2   16:06     N
12  18,2  21,9   14:58  15,0   07:12   1,1   1,0   0,0  16,5  40,7   15:18     N
13  18,3  22,5   14:56  15,2   03:55   0,9   0,9   0,0  14,7  40,3   15:23     N
14  17,8  21,8   13:26  15,7   23:57   1,0   0,5   0,0  18,5  40,7   16:30     N
15  16,1  19,4   13:28  14,2   23:45   2,3   0,1   0,0  22,0  45,0   13:57     N
16  15,6  18,9   14:16  13,1   07:00   2,8   0,0   0,0  17,9  42,8   16:42     N
17  16,0  20,7   14:30  12,7   06:40   2,6   0,3   0,0  12,0  29,2   18:18   NNW
18  17,7  21,9   14:02  14,5   02:17   1,5   0,9   0,0  10,2  34,6   10:58   NNW
19  16,2  18,9   11:40  14,0   20:57   2,1   0,0   0,0  10,5  24,5   14:12     N
20  15,8  20,9   15:00  13,3   06:45   2,7   0,2   0,0  11,3  30,6   16:40     N
21  17,6  23,6   13:26  14,7   00:00   1,5   0,8   0,0  13,9  25,9   01:02     N
22  16,1  20,2   13:47  14,3   03:48   2,4   0,2   0,0  13,1  26,3   18:29   NNW
23  17,2  25,0   14:22  14,5   23:53   2,0   0,9   0,0   7,2  32,0   15:39   NNW
24  21,6  28,2   14:08  14,5   00:00   0,0   2,0   0,0   7,1  22,3   18:18   WNW
25  17,8  21,9   13:04  15,6   04:11   1,3   0,8   0,0  10,6  26,6   22:32     N
26  16,6  21,2   13:03  13,8   07:00   2,2   0,5   0,0   9,5  24,8   14:37     N
27  19,0  25,6   13:18  14,5   06:07   1,3   2,0   0,0   6,3  23,8   14:17   NNW
28  18,5  25,1   14:45  14,6   08:05   1,1   1,3   0,0   2,9  23,8   15:09    NW
29  17,8  24,8   15:00  15,0   04:15   1,3   0,9   0,0   7,2  24,5   15:16   NNW
30  17,2  20,8   14:42  15,6   05:23   1,4   0,3   0,0  19,0  44,3   12:56     N
----------------------------------------------------------------------------------
    17,8  28,2    24    12,7    17    42,0  26,2   2,3  13,1  45,0    15     NNW

Max >=  27,0:  2
Max <=   0,0:  0
Min <=   0,0:  0
Min <= -18,0:  0
Max Rain: 2,3 on day 4
Days of Rain: 1 (>= 0,2 mm)  1 (>= 2,0 mm)  0 (>= 20,0 mm)
Heat Base: 18,3  Cool Base: 18,3  Method: Integration