Caldas1b

Relatórios NOAA


Selecione um ano ou um mês para obter o Relatório
2024: Jan Fev Mar Abr Mai Jun Jul Ago Set Out Nov Dez
2023: Jan Fev Mar Abr Mai Jun Jul Ago Set Out Nov Dez
2022: Jan Fev Mar Abr Mai Jun Jul Ago Set Out Nov Dez
2021: Jan Fev Mar Abr Mai Jun Jul Ago Set Out Nov Dez
2020: Jan Fev Mar Abr Mai Jun Jul Ago Set Out Nov Dez
2019: Jan Fev Mar Abr Mai Jun Jul Ago Set Out Nov Dez
2018: Jan Fev Mar Abr Mai Jun Jul Ago Set Out Nov Dez
2017: Jan Fev Mar Abr Mai Jun Jul Ago Set Out Nov Dez
2016: Jan Fev Mar Abr Mai Jun Jul Ago Set Out Nov Dez
2015: Jan Fev Mar Abr Mai Jun Jul Ago Set Out Nov Dez

Relatório para o 2017 Outubro
                   Monthly Climatological Summary for out 2017

Name: www.meteocaldas.org   City: Caldas da Rainha   State: Portugal
Elevation: 130 m  Lat: N 39° 24' 29"   Lon: W 009° 08' 05"

                  Temperature (°C), Rain (mm), Wind Speed (km/h)

                                      Heat  Cool        Avg
    Mean                              Deg   Deg         Wind                 Dom
Day Temp  High   Time   Low    Time   Days  Days  Rain  Speed High   Time    Dir
----------------------------------------------------------------------------------
 1  18,3  22,3   13:59  15,8   23:56   1,0   0,9   0,0  17,7  41,4   15:32     N
 2  19,0  26,6   12:04  14,7   04:53   1,3   2,0   0,0   7,6  28,1   17:21   NNW
 3  16,9  20,7   13:04  15,2   05:05   1,7   0,3   0,0  12,7  28,8   15:43     N
 4  16,8  20,3   16:15  14,9   02:38   1,7   0,2   0,0   8,4  18,4   08:27   NNW
 5  18,7  25,4   14:07  15,8   23:57   1,1   1,6   0,0   4,8  19,8   18:00   NNW
 6  16,4  24,2   13:40  13,1   08:41   2,7   0,9   0,0   6,9  17,6   14:03   NNW
 7  19,9  31,7   12:38  11,3   05:53   2,0   3,5   0,0   4,3  19,8   15:23     N
 8  21,7  28,9   14:13  16,1   23:42   0,1   3,5   0,0   3,6  17,3   16:32    SW
 9  16,7  24,0   15:06  12,5   07:16   2,4   0,9   0,0   1,6  13,7   15:09    NW
10  14,8  21,9   14:35   9,6   08:03   3,9   0,4   0,0   2,3  16,2   14:47    NW
11  15,5  21,6   16:27   8,5   07:08   3,4   0,6   0,0   4,8  17,3   14:15     N
12  22,0  27,2   13:09  18,3   00:06   0,0   3,7   0,0   5,7  19,4   13:18   WSW
13  18,7  23,7   14:20  16,2   08:41   0,7   1,0   0,0   2,3  17,6   14:06    NW
14  23,7  30,7   16:44  16,4   00:00   0,2   5,7   0,0  10,8  27,0   10:56    SE
15  27,3  33,7   15:29  23,2   07:46   0,0   9,0   0,0  16,5  43,6   15:55   SSE
16  20,4  25,0   00:00  15,9   23:08   0,5   2,5   8,1   8,2  24,5   14:47   NNW
17  17,2  22,7   15:17  14,2   07:06   1,9   0,8  15,1   8,0  32,0   16:49     S
18  16,8  21,2   14:35  13,5   07:43   1,9   0,4   5,9   6,8  22,0   14:58   SSW
19  17,6  21,5   14:47  15,0   02:32   1,3   0,6   2,2   5,8  23,4   15:39    SW
20  19,8  22,6   15:54  18,3   00:00   0,0   1,5   5,9   8,0  24,8   09:58    SW
21  16,7  19,8   00:00  14,2   23:53   1,8   0,3   2,2  14,7  36,7   17:01     N
22  14,2  18,1   13:56  11,4   06:09   4,1   0,0   0,0  13,3  29,2   16:07     N
23  16,4  23,0   13:31  11,4   07:57   2,8   0,9   0,0   5,5  20,9   02:47     N
24  20,9  27,5   14:47  16,8   08:04   0,3   2,9   0,0   7,1  20,9   13:40   ESE
25  19,6  26,4   14:22  15,1   07:53   0,8   2,1   0,0   9,7  32,4   17:08    SE
26  21,3  28,5   15:23  15,4   03:53   0,8   3,8   0,0   9,1  24,8   06:05   ESE
27  25,5  32,2   13:05  20,5   02:35   0,0   7,2   0,0   4,6  20,9   14:20   ENE
28  23,2  30,9   14:27  19,5   21:18   0,0   4,9   0,0   5,7  19,4   05:39   NNE
29  20,2  27,4   12:54  15,1   23:53   0,5   2,5   0,0   4,7  23,4   14:23   NNW
30  17,3  23,2   12:25  13,6   05:41   1,7   0,7   0,0   5,6  26,6   14:51     N
31  19,5  25,2   14:45  16,2   22:45   0,5   1,7   0,0   8,0  28,4   11:27   ESE
----------------------------------------------------------------------------------
    19,1  33,7    15     8,5    11    41,1  67,0  39,4   7,6  43,6    15     NNE

Max >=  27,0: 10
Max <=   0,0:  0
Min <=   0,0:  0
Min <= -18,0:  0
Max Rain: 15,1 on day 17
Days of Rain: 6 (>= 0,2 mm)  6 (>= 2,0 mm)  0 (>= 20,0 mm)
Heat Base: 18,3  Cool Base: 18,3  Method: Integration