Caldas1b

Relatórios NOAA


Selecione um ano ou um mês para obter o Relatório
2024: Jan Fev Mar Abr Mai Jun Jul Ago Set Out Nov Dez
2023: Jan Fev Mar Abr Mai Jun Jul Ago Set Out Nov Dez
2022: Jan Fev Mar Abr Mai Jun Jul Ago Set Out Nov Dez
2021: Jan Fev Mar Abr Mai Jun Jul Ago Set Out Nov Dez
2020: Jan Fev Mar Abr Mai Jun Jul Ago Set Out Nov Dez
2019: Jan Fev Mar Abr Mai Jun Jul Ago Set Out Nov Dez
2018: Jan Fev Mar Abr Mai Jun Jul Ago Set Out Nov Dez
2017: Jan Fev Mar Abr Mai Jun Jul Ago Set Out Nov Dez
2016: Jan Fev Mar Abr Mai Jun Jul Ago Set Out Nov Dez
2015: Jan Fev Mar Abr Mai Jun Jul Ago Set Out Nov Dez

Relatório para o 2017 Novembro
                   Monthly Climatological Summary for nov 2017

Name: www.meteocaldas.org   City: Caldas da Rainha   State: Portugal
Elevation: 130 m  Lat: N 39° 24' 29"   Lon: W 009° 08' 05"

                  Temperature (°C), Rain (mm), Wind Speed (km/h)

                                      Heat  Cool        Avg
    Mean                              Deg   Deg         Wind                 Dom
Day Temp  High   Time   Low    Time   Days  Days  Rain  Speed High   Time    Dir
----------------------------------------------------------------------------------
 1  17,7  22,2   12:51  14,0   06:26   1,4   0,9   0,0  11,7  31,7   10:00    SE
 2  17,2  21,4   14:28  14,9   02:18   1,5   0,5   7,0   9,8  22,3   15:00   SSE
 3  15,1  18,4   10:26  13,2   03:49   3,2   0,0  25,4  11,3  23,8   15:24   SSE
 4  16,0  18,4   13:51  14,4   23:09   2,3   0,0  14,0  16,2  46,4   21:13    NW
 5  14,1  16,3   12:44  11,4   23:48   4,2   0,0   0,0  22,4  51,8   13:14     N
 6  12,8  18,4   12:37   9,4   07:07   5,5   0,0   0,0  10,0  24,5   16:42     N
 7  13,2  15,8   11:58  10,2   05:42   5,1   0,0   0,0  12,8  37,1   14:08     N
 8  12,4  15,4   12:17   8,8   07:31   5,9   0,0   0,0  15,8  38,2   17:10   NNE
 9  11,2  15,1   13:11   7,2   07:26   7,1   0,0   0,0  12,8  40,3   15:04     N
10  13,0  18,0   12:28   9,2   05:52   5,3   0,0   0,0  10,6  28,1   16:05     N
11  13,1  17,4   12:27  10,6   07:27   5,2   0,0   0,0   8,9  24,8   14:30     N
12  13,8  16,4   12:59  12,6   03:39   4,5   0,0   0,0  19,1  47,2   10:32     N
13  13,8  17,9   11:36  11,0   22:55   4,5   0,0   0,0  10,7  29,9   17:03     N
14  13,2  20,4   13:25  10,5   22:41   5,1   0,1   0,0   5,3  14,0   15:17   ENE
15  13,7  19,5   14:33  10,7   00:59   4,6   0,1   0,0   7,9  24,5   09:33   ESE
16  12,8  18,5   12:52   9,7   06:31   5,5   0,0   0,0   5,3  20,5   15:27     N
17  12,2  17,6   13:56   9,2   07:55   6,1   0,0   0,0   5,5  14,8   14:51     N
18  11,4  17,6   13:30   6,6   08:09   6,9   0,0   0,0   2,3  13,7   15:00   NNW
19  13,8  20,1   14:05   9,3   01:38   4,7   0,2   0,0   3,0  13,0   15:28   NNE
20  16,7  22,1   14:47  12,8   01:36   2,4   0,8   0,0   8,1  25,6   09:48   ESE
21  15,1  21,0   15:05  11,9   06:50   3,5   0,3   0,0  12,6  35,6   10:34    SE
22  15,0  18,2   22:53  11,9   07:44   3,3   0,0   0,0  18,5  39,6   09:28    SE
23  17,5  21,1   12:45  15,5   17:19   1,2   0,4  11,7  15,8  42,8   13:53   SSE
24  16,7  20,3   15:00  13,9   05:27   1,9   0,3   2,2   9,6  24,8   12:52   SSE
25  14,7  16,9   13:31  13,4   23:46   3,6   0,0   0,0   5,1  16,6   14:25   ENE
26  14,3  19,0   13:42  11,2   05:29   4,0   0,0   0,0   7,5  24,8   10:18     E
27  14,0  18,2   12:56  12,3   06:43   4,3   0,0   0,0  10,0  24,5   07:33   ESE
28  12,5  13,8   00:00  11,5   07:55   5,8   0,0  16,2   8,9  23,4   11:07   ESE
29  10,9  13,0   13:09   8,1   23:24   7,4   0,0   0,0  14,9  39,2   14:40     N
30   8,3  12,5   14:25   4,8   05:32  10,0   0,0   0,0  11,1  24,5   15:05   NNE
----------------------------------------------------------------------------------
    13,9  22,2     1     4,8    30   136,0   3,6  76,5  10,8  51,8     5      NE

Max >=  27,0:  0
Max <=   0,0:  0
Min <=   0,0:  0
Min <= -18,0:  0
Max Rain: 25,4 on day 3
Days of Rain: 6 (>= 0,2 mm)  6 (>= 2,0 mm)  1 (>= 20,0 mm)
Heat Base: 18,3  Cool Base: 18,3  Method: Integration