Caldas1b

Relatórios NOAA


Selecione um ano ou um mês para obter o Relatório
2024: Jan Fev Mar Abr Mai Jun Jul Ago Set Out Nov Dez
2023: Jan Fev Mar Abr Mai Jun Jul Ago Set Out Nov Dez
2022: Jan Fev Mar Abr Mai Jun Jul Ago Set Out Nov Dez
2021: Jan Fev Mar Abr Mai Jun Jul Ago Set Out Nov Dez
2020: Jan Fev Mar Abr Mai Jun Jul Ago Set Out Nov Dez
2019: Jan Fev Mar Abr Mai Jun Jul Ago Set Out Nov Dez
2018: Jan Fev Mar Abr Mai Jun Jul Ago Set Out Nov Dez
2017: Jan Fev Mar Abr Mai Jun Jul Ago Set Out Nov Dez
2016: Jan Fev Mar Abr Mai Jun Jul Ago Set Out Nov Dez
2015: Jan Fev Mar Abr Mai Jun Jul Ago Set Out Nov Dez

Relatório para o 2018 Fevereiro
                   Monthly Climatological Summary for fev 2018

Name: www.meteocaldas.org   City: Caldas da Rainha   State: Portugal
Elevation: 130 m  Lat: N 39° 24' 29"   Lon: W 009° 08' 05"

                  Temperature (°C), Rain (mm), Wind Speed (km/h)

                                      Heat  Cool        Avg
    Mean                              Deg   Deg         Wind                 Dom
Day Temp  High   Time   Low    Time   Days  Days  Rain  Speed High   Time    Dir
----------------------------------------------------------------------------------
 1  10,6  12,4   13:25   8,7   18:24   7,7   0,0   0,0  24,5  55,8   18:09     N
 2   8,7  11,2   12:58   5,5   07:53   9,6   0,0   0,0  19,5  45,7   14:03     N
 3   8,9  13,8   14:20   5,7   03:36   9,4   0,0   2,5   8,6  33,8   21:23   NNW
 4   8,3  10,9   13:00   6,0   05:44  10,0   0,0   5,6  18,6  46,4   09:46     N
 5   7,3  10,6   16:28   4,3   07:54  11,0   0,0   0,0  16,7  48,2   15:33     N
 6   6,3   9,9   15:32   2,6   06:48  12,0   0,0   0,0  17,9  45,7   15:39     N
 7   6,3   9,8   14:40   2,8   06:48  11,6   0,0   0,0  13,5  38,9   15:29   NNE
 8   6,0   9,7   12:52   1,3   08:04  11,8   0,0   0,0   8,2  28,4   13:53     N
 9   9,1  12,7   13:41   6,3   07:36   9,2   0,0   2,5  13,3  40,7   16:34   NNE
10   9,6  11,9   13:45   7,4   07:35   8,7   0,0   0,0  18,3  41,8   10:50     N
11  12,2  14,1   13:04   9,8   00:00   6,1   0,0   3,4  11,0  31,3   07:25   WNW
12   9,2  12,4   12:21   6,9   07:40   9,0   0,0   1,1   9,0  27,7   14:47     N
13  10,0  14,0   13:41   6,4   03:39   8,3   0,0   0,0   9,9  36,0   15:22   SSW
14  12,7  16,0   13:55  10,8   03:26   5,3   0,0   0,0  13,6  37,8   15:56     S
15  13,8  16,6   13:09  12,1   23:59   4,5   0,0   0,0   8,5  22,3   12:25     S
16  12,5  17,4   13:06  10,1   05:35   5,8   0,0   0,0   5,6  20,5   14:20   SSW
17  11,2  13,3   13:09   9,4   22:18   7,1   0,0   1,4  10,3  32,4   16:09     N
18  10,7  15,4   15:34   7,6   05:14   7,6   0,0   0,0   8,4  24,5   15:55     N
19  11,6  15,4   12:33   8,9   03:19   6,7   0,0   0,0  11,9  38,5   16:13     N
20  11,3  15,8   12:45   8,1   05:19   7,0   0,0   0,0   7,8  27,4   14:38     N
21  10,5  14,9   12:56   7,2   05:49   7,8   0,0   0,0   7,7  24,8   14:30     N
22  10,0  15,4   13:59   6,5   07:24   8,3   0,0   0,0   7,0  19,8   10:09    NE
23  10,3  16,2   15:04   7,3   03:49   8,0   0,0   0,0   8,5  24,8   12:11   ENE
24  10,9  16,9   13:38   6,6   06:05   7,4   0,0   0,0   8,0  25,2   09:57    SE
25  11,7  17,8   15:44   6,4   05:03   6,6   0,0   0,0  10,8  25,6   12:00   ESE
26  11,8  15,1   14:14   8,7   02:13   6,5   0,0   0,8  17,2  43,2   09:43   ESE
27  13,4  15,0   12:00  11,7   00:00   4,9   0,0   5,9  15,8  42,1   21:32     S
28  14,1  15,6   15:50  13,1   20:42   4,2   0,0  14,0  20,2  55,8   12:23     S
----------------------------------------------------------------------------------
    10,3  17,8    25     1,3     8   222,1   0,0  37,2  12,5  55,8     1     NNE

Max >=  27,0:  0
Max <=   0,0:  0
Min <=   0,0:  0
Min <= -18,0:  0
Max Rain: 14,0 on day 28
Days of Rain: 9 (>= 0,2 mm)  6 (>= 2,0 mm)  0 (>= 20,0 mm)
Heat Base: 18,3  Cool Base: 18,3  Method: Integration