Caldas1b

Relatórios NOAA


Selecione um ano ou um mês para obter o Relatório
2024: Jan Fev Mar Abr Mai Jun Jul Ago Set Out Nov Dez
2023: Jan Fev Mar Abr Mai Jun Jul Ago Set Out Nov Dez
2022: Jan Fev Mar Abr Mai Jun Jul Ago Set Out Nov Dez
2021: Jan Fev Mar Abr Mai Jun Jul Ago Set Out Nov Dez
2020: Jan Fev Mar Abr Mai Jun Jul Ago Set Out Nov Dez
2019: Jan Fev Mar Abr Mai Jun Jul Ago Set Out Nov Dez
2018: Jan Fev Mar Abr Mai Jun Jul Ago Set Out Nov Dez
2017: Jan Fev Mar Abr Mai Jun Jul Ago Set Out Nov Dez
2016: Jan Fev Mar Abr Mai Jun Jul Ago Set Out Nov Dez
2015: Jan Fev Mar Abr Mai Jun Jul Ago Set Out Nov Dez

Relatório para o 2018 Junho
                   Monthly Climatological Summary for jun 2018

Name: www.meteocaldas.org   City: Caldas da Rainha   State: Portugal
Elevation: 130 m  Lat: N 39° 24' 29"   Lon: W 009° 08' 05"

                  Temperature (°C), Rain (mm), Wind Speed (km/h)

                                      Heat  Cool        Avg
    Mean                              Deg   Deg         Wind                 Dom
Day Temp  High   Time   Low    Time   Days  Days  Rain  Speed High   Time    Dir
----------------------------------------------------------------------------------
 1  14,9  17,9   13:51  12,9   05:56   3,4   0,0   0,0  12,6  39,6   11:30   NNW
 2  15,2  18,2   13:49  13,4   22:27   3,1   0,0   0,0  15,0  42,1   10:39   NNW
 3  14,7  17,9   14:34  12,6   08:30   3,6   0,0   2,2   5,8  25,6   06:36    NW
 4  15,5  18,6   14:22  13,2   06:16   2,8   0,0   0,0  12,3  33,1   16:01   WNW
 5  15,5  19,1   15:48  13,3   03:41   2,9   0,0   0,0   7,3  30,6   18:44   WNW
 6  16,2  18,5   14:23  14,7   01:52   2,1   0,0   1,1   9,8  24,8   15:47    NW
 7  15,7  17,0   14:02  13,6   23:13   2,6   0,0  12,9   3,6  21,2   14:20     S
 8  15,8  20,1   13:13  13,5   05:28   2,5   0,1   2,2   3,3  26,6   13:38   WSW
 9  15,5  21,0   13:56  12,4   04:12   3,0   0,2   0,0   5,2  27,0   19:07   WNW
10  15,2  16,3   10:45  14,3   06:20   3,1   0,0   5,9   5,6  23,8   11:48   WNW
11  16,9  20,5   12:39  14,3   03:26   1,8   0,4   0,0   6,0  21,6   19:07    NW
12  15,9  18,4   15:01  14,9   22:49   2,4   0,0   0,0  15,3  38,9   15:59   NNW
13  16,1  19,0   12:59  14,6   01:21   2,2   0,0   0,0  15,2  40,3   18:37     N
14  15,9  18,7   15:22  14,5   07:05   2,4   0,0   0,0  17,9  42,1   17:21     N
15  15,5  16,5   15:45  14,6   23:28   2,8   0,0   0,0  17,1  37,4   18:49     N
16  16,0  19,0   15:24  14,2   06:31   2,3   0,0   0,0  16,9  44,3   12:06     N
17  16,7  19,8   14:22  14,3   05:59   1,8   0,2   0,0   3,9  57,6   20:15     N
18  19,7  27,3   13:30  13,5   05:56   1,4   2,8   0,0   4,3  32,4   14:39   NNW
19  23,5  32,1   14:54  18,8   23:01   0,0   5,2   0,0  10,3  27,7   12:37    SE
20  21,8  26,6   15:27  17,8   23:57   0,0   3,5   7,0   8,9  27,7   23:52     N
21  20,7  28,0   13:50  17,8   00:00   0,0   2,4  18,4  11,4  28,4   07:49   NNE
22  22,5  29,4   12:25  18,5   05:39   0,0   4,2   2,5   8,2  20,9   16:53   NNE
23  23,0  31,6   13:46  18,2   22:14   0,0   4,7   0,0   7,8  21,2   14:32   WNW
24  18,8  22,4   13:19  16,9   07:09   0,4   0,8   0,0   7,2  21,6   16:47    NW
25  18,7  22,2   13:19  16,9   22:44   0,5   0,9   0,0   8,8  28,1   16:43    NW
26  18,5  22,2   14:47  15,6   05:32   0,9   1,1   0,0  11,4  32,0   14:01   NNW
27  18,3  21,7   13:19  15,9   06:26   0,8   0,9   0,0  11,6  32,0   16:42   NNW
28  18,3  22,2   15:06  16,2   02:25   0,8   0,9   0,0  12,5  30,2   09:15   NNW
29  18,1  21,3   13:31  16,4   06:36   0,9   0,7   3,4   9,6  20,9   13:30   NNW
30  19,1  23,0   16:18  16,1   06:37   0,6   1,4   0,0   8,3  28,1   19:09   SSW
----------------------------------------------------------------------------------
    17,6  32,1    19    12,4     9    51,1  30,4  55,6   9,8  57,6    17     NNW

Max >=  27,0:  5
Max <=   0,0:  0
Min <=   0,0:  0
Min <= -18,0:  0
Max Rain: 18,4 on day 21
Days of Rain: 9 (>= 0,2 mm)  8 (>= 2,0 mm)  0 (>= 20,0 mm)
Heat Base: 18,3  Cool Base: 18,3  Method: Integration