Caldas1b

Relatórios NOAA


Selecione um ano ou um mês para obter o Relatório
2024: Jan Fev Mar Abr Mai Jun Jul Ago Set Out Nov Dez
2023: Jan Fev Mar Abr Mai Jun Jul Ago Set Out Nov Dez
2022: Jan Fev Mar Abr Mai Jun Jul Ago Set Out Nov Dez
2021: Jan Fev Mar Abr Mai Jun Jul Ago Set Out Nov Dez
2020: Jan Fev Mar Abr Mai Jun Jul Ago Set Out Nov Dez
2019: Jan Fev Mar Abr Mai Jun Jul Ago Set Out Nov Dez
2018: Jan Fev Mar Abr Mai Jun Jul Ago Set Out Nov Dez
2017: Jan Fev Mar Abr Mai Jun Jul Ago Set Out Nov Dez
2016: Jan Fev Mar Abr Mai Jun Jul Ago Set Out Nov Dez
2015: Jan Fev Mar Abr Mai Jun Jul Ago Set Out Nov Dez

Relatório para o 2018 Novembro
                   Monthly Climatological Summary for nov 2018

Name: www.meteocaldas.org   City: Caldas da Rainha   State: Portugal
Elevation: 130 m  Lat: N 39° 24' 29"   Lon: W 009° 08' 05"

                  Temperature (°C), Rain (mm), Wind Speed (km/h)

                                      Heat  Cool        Avg
    Mean                              Deg   Deg         Wind                 Dom
Day Temp  High   Time   Low    Time   Days  Days  Rain  Speed High   Time    Dir
----------------------------------------------------------------------------------
 1  13,6  19,5   13:16   9,2   02:57   4,8   0,0   0,0   7,5  21,2   12:38   WNW
 2  15,3  17,1   14:38  14,0   23:58   3,0   0,0   2,2  12,0  31,3   14:00    NW
 3  13,4  14,9   12:40  12,4   07:07   4,9   0,0   0,0  12,9  27,4   03:18     N
 4  13,9  16,5   11:43  11,7   23:59   4,4   0,0   9,2  11,8  44,3   20:03   SSW
 5  12,5  16,5   13:25  10,7   02:43   5,8   0,0   9,2  16,5  43,2   13:10   WNW
 6  13,9  17,9   13:02  10,9   01:19   4,4   0,0   1,4  15,2  44,6   21:14     S
 7  14,5  18,9   11:51  11,6   23:00   3,9   0,0   4,5   8,5  23,0   00:06   WSW
 8  12,7  16,4   12:51  10,3   02:59   5,6   0,0   3,4  14,5  42,5   14:59    SW
 9  14,6  18,7   11:42  10,9   06:58   3,7   0,0   0,0  13,4  41,4   23:05     S
10  16,8  18,3   14:55  15,8   05:37   1,5   0,0   3,6  20,9  46,8   02:14   SSW
11  14,2  17,2   09:47  10,8   23:30   4,1   0,0  38,3  11,7  42,5   10:23   SSE
12  12,5  17,2   12:36   9,7   07:00   5,8   0,0   0,0   8,5  22,0   15:14   NNE
13  12,7  16,8   12:16   9,3   07:26   5,6   0,0   0,0  10,8  20,5   00:08   NNE
14  16,8  21,6   14:15  13,2   01:49   2,2   0,6   0,0   8,0  27,4   10:20   ESE
15  17,0  21,4   13:12  13,9   05:33   1,9   0,6   0,0  10,0  27,4   11:57   ESE
16  16,7  21,8   13:36  12,8   06:26   2,3   0,7   0,0  10,8  27,0   14:16    SE
17  15,6  18,7   13:37  13,2   02:19   2,7   0,0   0,0  19,6  55,1   13:43    SE
18  14,4  16,4   12:45  13,1   23:50   3,9   0,0   7,0   9,6  41,8   01:01    SE
19  14,2  19,3   13:07  11,9   06:52   4,1   0,0   2,2   6,9  16,2   08:58    SE
20  14,0  18,2   12:09  11,7   23:46   4,3   0,0   3,6  14,8  43,9   13:35   WSW
21  13,3  17,4   10:56  10,4   23:00   3,6   0,0   7,8  12,6  42,8   15:04   SSW
22  11,6  16,2   12:51   8,9   05:55   6,7   0,0   1,4  10,7  23,8   00:24   SSE
23  12,8  18,6   11:28   9,9   05:26   5,5   0,0   1,1   8,3  23,4   15:00     S
24  13,0  16,3   12:16   9,5   07:13   5,3   0,0   5,6  14,8  37,8   11:39   SSE
25  14,2  15,3   12:08  13,2   16:07   4,1   0,0  15,1  15,3  60,5   18:44     W
26  13,4  16,8   10:43  10,3   23:38   4,9   0,0   0,0  16,7  50,0   00:50   NNW
27  12,8  19,9   12:49   8,5   07:49   5,6   0,1   0,0   7,7  15,8   11:55    SE
28  10,7  15,5   13:01   8,2   06:41   6,6   0,0   0,0  13,1  25,2   13:29    SE
29  11,5  13,5   14:42   9,9   04:06   6,8   0,0  22,1  11,5  32,0   08:28    SE
30  13,0  17,2   12:44  10,6   03:54   5,3   0,0   0,0   5,3  23,8   12:17    NW
----------------------------------------------------------------------------------
    13,9  21,8    16     8,2    28   133,3   2,0 137,7  12,0  60,5    25       S

Max >=  27,0:  0
Max <=   0,0:  0
Min <=   0,0:  0
Min <= -18,0:  0
Max Rain: 38,3 on day 11
Days of Rain: 17 (>= 0,2 mm)  14 (>= 2,0 mm)  2 (>= 20,0 mm)
Heat Base: 18,3  Cool Base: 18,3  Method: Integration