Caldas1b

Relatórios NOAA


Selecione um ano ou um mês para obter o Relatório
2024: Jan Fev Mar Abr Mai Jun Jul Ago Set Out Nov Dez
2023: Jan Fev Mar Abr Mai Jun Jul Ago Set Out Nov Dez
2022: Jan Fev Mar Abr Mai Jun Jul Ago Set Out Nov Dez
2021: Jan Fev Mar Abr Mai Jun Jul Ago Set Out Nov Dez
2020: Jan Fev Mar Abr Mai Jun Jul Ago Set Out Nov Dez
2019: Jan Fev Mar Abr Mai Jun Jul Ago Set Out Nov Dez
2018: Jan Fev Mar Abr Mai Jun Jul Ago Set Out Nov Dez
2017: Jan Fev Mar Abr Mai Jun Jul Ago Set Out Nov Dez
2016: Jan Fev Mar Abr Mai Jun Jul Ago Set Out Nov Dez
2015: Jan Fev Mar Abr Mai Jun Jul Ago Set Out Nov Dez

Relatório para o 2019 Junho
                   Monthly Climatological Summary for jun 2019

Name: www.meteocaldas.org   City: Caldas da Rainha   State: Portugal
Elevation: 130 m  Lat: N 39° 24' 29"   Lon: W 009° 08' 05"

                  Temperature (°C), Rain (mm), Wind Speed (km/h)

                                      Heat  Cool        Avg
    Mean                              Deg   Deg         Wind                 Dom
Day Temp  High   Time   Low    Time   Days  Days  Rain  Speed High   Time    Dir
----------------------------------------------------------------------------------
 1  21,9  29,4   11:44  16,1   23:46   0,2   3,8   0,0  11,0  31,7   16:06   NNW
 2  17,2  23,5   13:26  14,2   06:15   1,7   0,6   0,0  12,3  30,6   22:54   NNW
 3  17,6  21,2   13:07  15,3   00:52   1,2   0,6   0,0  12,4  29,5   13:58   NNW
 4  16,4  18,8   10:38  14,6   23:55   1,9   0,0   2,7  14,4  41,8   17:29    NW
 5  15,2  17,7   15:06  13,5   22:45   3,1   0,0   0,0  16,8  39,2   08:30    NW
 6  14,7  19,9   13:51  12,0   06:26   3,7   0,1   4,1  18,2  61,2   14:33   SSW
 7  14,7  17,7   14:27  12,0   04:23   3,6   0,0   0,4  16,4  40,3   18:24   NNW
 8  14,0  17,2   12:38  10,8   06:07   4,3   0,0   0,0  21,5  45,4   17:17     N
 9  15,7  19,6   14:47  12,5   03:14   2,7   0,1   0,0  12,4  29,5   15:33    NW
10  15,1  17,6   13:08  12,2   04:52   3,2   0,0   0,0  19,7  46,4   15:48   NNW
11  15,0  17,5   13:27  12,3   05:40   6,5   0,0   0,0  27,7  68,4   17:47   NNW
12  14,4  17,1   15:13  12,0   06:24   4,0   0,0   1,8  27,0  55,1   15:05   NNW
13  14,7  17,7   14:45  12,0   05:11   3,6   0,0   0,0  19,1  42,8   18:26   NNW
14  15,0  18,3   17:12  12,5   03:06   3,4   0,0   0,0  11,2  40,3   15:28     W
15  15,7  19,1   12:30  12,5   05:51   2,7   0,1   0,4  12,0  37,8   19:15   NNW
16  15,1  18,7   16:05  12,3   05:05   3,2   0,0   0,0  17,2  36,7   14:52   NNW
17  15,8  21,5   14:31  11,5   06:36   2,8   0,3   0,0   9,0  29,5   15:30   NNW
18  17,7  21,8   13:23  13,1   01:42   1,5   0,9   2,3  19,8  56,2   14:15     S
19  18,1  21,8   14:37  15,4   23:56   0,8   0,6   0,5  10,0  25,6   15:48   WNW
20  16,4  19,3   14:35  15,1   02:41   1,9   0,0   0,0  15,5  42,8   19:02    NW
21  16,3  19,0   16:17  14,4   03:55   2,0   0,0   0,0  18,2  35,6   14:16   NNW
22  18,4  23,8   13:37  13,5   04:18   1,6   1,7   0,0   9,8  28,1   15:15   WSW
23  18,1  20,5   16:54  16,3   23:50   0,5   0,3   5,4   8,2  19,4   00:00    SW
24  17,4  21,5   15:14  15,2   05:54   1,3   0,4   1,8   5,4  25,6   15:45    NW
25  17,9  23,6   12:36  14,9   04:10   1,4   1,1   0,0   7,1  25,6   18:41   NNW
26  17,8  23,5   14:06  15,6   03:50   1,2   0,7   1,4   7,8  25,6   15:29    NW
27  18,4  22,9   12:46  12,5   07:21   1,2   1,4   0,0   8,6  31,7   14:25     W
28  17,9  21,1   13:45  15,3   06:32   1,0   0,7   0,0  18,1  42,8   20:05   NNW
29  17,6  20,1   15:46  16,2   06:13   0,9   0,2   0,0  24,3  52,6   20:05     N
30  17,6  20,3   15:37  16,0   23:15   1,0   0,3   0,0  23,2  49,0   12:16   NNW
----------------------------------------------------------------------------------
    16,6  29,4     1    10,8     8    68,1  13,9  20,8  15,1  68,4    11      NW

Max >=  27,0:  1
Max <=   0,0:  0
Min <=   0,0:  0
Min <= -18,0:  0
Max Rain: 5,4 on day 23
Days of Rain: 10 (>= 0,2 mm)  4 (>= 2,0 mm)  0 (>= 20,0 mm)
Heat Base: 18,3  Cool Base: 18,3  Method: Integration