Caldas1b

Relatórios NOAA


Selecione um ano ou um mês para obter o Relatório
2024: Jan Fev Mar Abr Mai Jun Jul Ago Set Out Nov Dez
2023: Jan Fev Mar Abr Mai Jun Jul Ago Set Out Nov Dez
2022: Jan Fev Mar Abr Mai Jun Jul Ago Set Out Nov Dez
2021: Jan Fev Mar Abr Mai Jun Jul Ago Set Out Nov Dez
2020: Jan Fev Mar Abr Mai Jun Jul Ago Set Out Nov Dez
2019: Jan Fev Mar Abr Mai Jun Jul Ago Set Out Nov Dez
2018: Jan Fev Mar Abr Mai Jun Jul Ago Set Out Nov Dez
2017: Jan Fev Mar Abr Mai Jun Jul Ago Set Out Nov Dez
2016: Jan Fev Mar Abr Mai Jun Jul Ago Set Out Nov Dez
2015: Jan Fev Mar Abr Mai Jun Jul Ago Set Out Nov Dez

Relatório para o 2019 Julho
                   Monthly Climatological Summary for jul 2019

Name: www.meteocaldas.org   City: Caldas da Rainha   State: Portugal
Elevation: 130 m  Lat: N 39° 24' 29"   Lon: W 009° 08' 05"

                  Temperature (°C), Rain (mm), Wind Speed (km/h)

                                      Heat  Cool        Avg
    Mean                              Deg   Deg         Wind                 Dom
Day Temp  High   Time   Low    Time   Days  Days  Rain  Speed High   Time    Dir
----------------------------------------------------------------------------------
 1  17,5  20,0   13:58  16,3   04:34   0,9   0,1   0,0  23,3  45,4   09:53   NNW
 2  17,3  18,8   15:11  16,3   23:34   1,0   0,0   0,0  15,4  35,6   00:32    NW
 3  18,4  22,3   14:19  16,1   06:01   0,9   1,0   0,0  10,8  29,5   18:49     W
 4  18,7  22,6   13:54  16,1   05:36   0,6   1,0   0,0  10,6  31,7   16:34   SSW
 5  19,2  24,3   14:20  15,0   06:24   0,9   1,8   0,0  13,4  39,2   15:21     S
 6  19,0  20,2   09:50  16,3   06:46   0,5   1,2   0,0  11,0  20,9   08:58     S
 7  20,2  20,2   00:00  20,2   00:00   0,0   1,9   0,0  12,9  13,3   00:00     S
 8  19,8  20,2   00:00  18,0   22:24   3,3   1,5   0,0  13,4  27,0   20:22   SSW
 9  18,8  21,9   14:12  17,4   06:40   0,2   0,7   0,0  13,6  31,7   14:47   NNW
10  19,9  23,6   12:57  17,4   06:44   0,2   1,8   0,0  16,2  40,3   17:07   NNW
11  19,9  23,9   10:59  16,6   05:59   0,4   2,0   0,0  18,7  41,8   18:28   NNW
12  20,9  29,3   15:27  17,0   03:09   0,3   3,0   0,0   8,8  29,5   11:32   SSW
13  20,1  25,1   12:50  17,7   06:19   0,1   1,9   0,0  12,9  42,8   17:56   SSW
14  19,2  21,8   12:22  17,9   05:51   0,1   0,9   0,0  10,7  29,5   13:59   WNW
15  18,3  19,6   12:23  17,3   03:51   0,3   0,3   0,0  20,2  47,9   16:42   NNW
16  17,5  18,8   13:34  16,8   05:14   0,8   0,0   0,0  19,1  39,2   17:44   NNW
17  17,5  18,8   16:15  16,1   23:38   0,9   0,0   0,5  25,9  57,6   17:37   NNW
18  17,5  21,0   14:50  15,9   00:35   1,1   0,3   0,9  27,3  58,7   17:05     N
19  16,9  18,4   14:46  16,2   07:05   1,4   0,0   0,0  22,0  47,9   20:10     N
20  17,6  22,1   14:17  15,9   06:06   1,2   0,6   0,5  24,8  55,1   22:34   NNW
21  17,8  44,9   06:31  15,9   23:36   0,9   0,4   0,0  24,9  49,0   14:53   NNW
22  17,9  22,9   14:41  15,6   01:46   1,1   0,6   0,0  12,4  31,7   23:33   NNW
23  18,1  21,7   18:03  15,7   23:58   0,8   0,6   0,0  16,3  41,8   15:12   NNW
24  20,0  25,7   14:44  15,7   00:00   0,7   2,4   0,0  11,4  27,0   16:37    NW
25  20,1  25,7   12:20  17,5   23:58   0,0   1,8   0,4  10,4  30,6   12:51   WNW
26  18,5  21,6   16:35  16,9   03:21   0,6   0,8   0,0  16,2  36,7   15:15    NW
27  18,9  21,9   13:18  16,9   01:10   0,4   1,0   4,5  14,1  34,2   13:11     W
28  18,2  21,7   15:38  16,4   23:58   0,7   0,7   0,0  14,7  29,5   02:21   NNW
29  18,3  21,0   12:52  16,2   23:59   0,6   0,6   0,5  20,5  54,0   16:07   NNW
30  17,2  20,3   14:56  15,1   06:17   1,4   0,3   1,4  28,9  69,8   17:52     N
31  16,9  20,2   14:30  14,5   06:05   1,6   0,2   0,0  23,9  47,9   18:03   NNW
----------------------------------------------------------------------------------
    18,6  44,9    21    14,5    31    23,9  29,4   8,7  16,9  69,8    30      NW

Max >=  27,0:  2
Max <=   0,0:  0
Min <=   0,0:  0
Min <= -18,0:  0
Max Rain: 4,5 on day 27
Days of Rain: 7 (>= 0,2 mm)  1 (>= 2,0 mm)  0 (>= 20,0 mm)
Heat Base: 18,3  Cool Base: 18,3  Method: Integration