Caldas1b

Relatórios NOAA


Selecione um ano ou um mês para obter o Relatório
2024: Jan Fev Mar Abr Mai Jun Jul Ago Set Out Nov Dez
2023: Jan Fev Mar Abr Mai Jun Jul Ago Set Out Nov Dez
2022: Jan Fev Mar Abr Mai Jun Jul Ago Set Out Nov Dez
2021: Jan Fev Mar Abr Mai Jun Jul Ago Set Out Nov Dez
2020: Jan Fev Mar Abr Mai Jun Jul Ago Set Out Nov Dez
2019: Jan Fev Mar Abr Mai Jun Jul Ago Set Out Nov Dez
2018: Jan Fev Mar Abr Mai Jun Jul Ago Set Out Nov Dez
2017: Jan Fev Mar Abr Mai Jun Jul Ago Set Out Nov Dez
2016: Jan Fev Mar Abr Mai Jun Jul Ago Set Out Nov Dez
2015: Jan Fev Mar Abr Mai Jun Jul Ago Set Out Nov Dez

Relatório para o 2020 Junho
                   Monthly Climatological Summary for jun 2020

Name: www.meteocaldas.com   City: Caldas da Rainha   State: Portugal
Elevation: 130 m  Lat: N 39° 24' 29"   Lon: W 009° 08' 05"

                  Temperature (°C), Rain (mm), Wind Speed (km/h)

                                      Heat  Cool        Avg
    Mean                              Deg   Deg         Wind                 Dom
Day Temp  High   Time   Low    Time   Days  Days  Rain  Speed High   Time    Dir
----------------------------------------------------------------------------------
 1  19,0  23,8   10:32  15,5   02:20   0,9   1,6   0,0   6,2  23,4   13:16   NNW
 2  19,2  22,8   14:30  16,2   04:39   0,5   1,5   0,0   7,9  27,0   13:15     W
 3  19,1  24,4   12:39  14,8   06:39   0,8   1,6   0,0   6,9  29,5   15:27    NW
 4  18,1  20,9   16:04  15,5   22:55   0,8   0,5   1,1  11,4  39,2   18:20   NNW
 5  17,4  20,2   13:20  15,4   21:44   1,2   0,4   0,0  11,8  35,6   14:30   NNW
 6  17,1  21,0   12:11  15,5   18:48   1,5   0,3   0,0   9,0  30,6   15:41   NNW
 7  16,8  19,2   15:19  15,0   21:16   1,5   0,0   0,0  16,5  45,4   13:08   NNW
 8  16,3  19,2   15:17  14,5   23:46   2,0   0,0   0,0  23,0  52,6   17:21   NNW
 9  16,0  19,1   14:31  13,9   06:09   2,3   0,0   0,0  18,5  49,0   16:19     N
10  16,3  19,2   12:52  14,2   03:08   2,1   0,1   0,0  15,7  40,3   18:41   NNW
11  15,9  19,6   16:24  13,8   05:01   2,4   0,0   2,9  15,0  45,4   15:59    NW
12  16,1  19,5   13:07  13,2   06:49   2,2   0,0   0,7  11,9  36,7   13:15   WNW
13  17,2  21,4   14:54  13,6   03:25   1,7   0,6   0,0   9,1  31,7   15:33     W
14  17,4  21,2   12:38  13,5   05:37   1,7   0,8   0,0   7,3  29,5   12:24    NW
15  18,1  21,6   15:38  14,1   05:18   1,2   1,0   0,0   7,5  34,2   16:24    NW
16  18,0  22,2   11:29  14,8   03:28   1,3   1,0   0,0   9,2  31,7   17:58   NNW
17  17,3  20,8   13:06  14,7   04:12   1,5   0,5   0,0  12,1  34,2   17:47   NNW
18  16,8  19,7   14:35  13,8   06:10   1,7   0,2   0,0  19,5  46,4   16:22     N
19  16,8  19,8   15:52  14,3   04:20   1,7   0,2   0,0  17,7  40,3   12:30     N
20  17,9  21,9   15:15  14,1   02:55   1,4   1,1   0,0  14,7  37,8   15:23   NNW
21  18,3  21,9   15:51  15,5   02:37   0,9   1,0   0,0  20,4  51,5   18:15     N
22  18,3  22,8   16:38  15,5   06:43   1,0   1,1   0,0  17,5  50,0   00:13     N
23  17,3  19,2   13:34  16,0   23:50   1,1   0,1   0,0  16,8  36,7   19:28     N
24  17,0  19,9   14:12  15,5   06:05   1,5   0,1   0,0  20,3  43,9   16:22     N
25  16,8  20,3   16:22  15,4   05:11   1,6   0,1   0,0  19,3  40,3   00:05   NNW
26  18,0  21,4   17:44   0,0   01:46   1,1   0,8   1,4  12,3 205,0   01:46    NW
27  19,4  23,4   13:48  17,2   06:02   0,2   1,3   0,7   8,8  27,0   13:20    NW
28  18,8  22,3   13:12  16,9   06:08   0,4   0,9   0,0  20,2  49,0   22:25     N
29  17,4  20,7   15:13  15,5   23:45   1,3   0,3   0,4  22,9  47,9   02:12     N
30  17,6  20,2   15:14  15,1   01:43   1,1   0,3   0,0  13,4  36,7   19:13   NNW
----------------------------------------------------------------------------------
    17,5  24,4     3     0,0    26    40,6  17,4   7,2  14,0 205,0    26     NNW

Max >=  27,0:  0
Max <=   0,0:  0
Min <=   0,0:  1
Min <= -18,0:  0
Max Rain: 2,9 on day 11
Days of Rain: 6 (>= 0,2 mm)  1 (>= 2,0 mm)  0 (>= 20,0 mm)
Heat Base: 18,3  Cool Base: 18,3  Method: Integration