Caldas1b

Relatórios NOAA


Selecione um ano ou um mês para obter o Relatório
2024: Jan Fev Mar Abr Mai Jun Jul Ago Set Out Nov Dez
2023: Jan Fev Mar Abr Mai Jun Jul Ago Set Out Nov Dez
2022: Jan Fev Mar Abr Mai Jun Jul Ago Set Out Nov Dez
2021: Jan Fev Mar Abr Mai Jun Jul Ago Set Out Nov Dez
2020: Jan Fev Mar Abr Mai Jun Jul Ago Set Out Nov Dez
2019: Jan Fev Mar Abr Mai Jun Jul Ago Set Out Nov Dez
2018: Jan Fev Mar Abr Mai Jun Jul Ago Set Out Nov Dez
2017: Jan Fev Mar Abr Mai Jun Jul Ago Set Out Nov Dez
2016: Jan Fev Mar Abr Mai Jun Jul Ago Set Out Nov Dez
2015: Jan Fev Mar Abr Mai Jun Jul Ago Set Out Nov Dez

Relatório para o 2021 Abril
                   Monthly Climatological Summary for abr 2021

Name: www.meteocaldas.com   City: Caldas da Rainha   State: Portugal
Elevation: 130 m  Lat: N 39° 24' 29"   Lon: W 009° 08' 05"

                  Temperature (°C), Rain (mm), Wind Speed (km/h)

                                      Heat  Cool        Avg
    Mean                              Deg   Deg         Wind                 Dom
Day Temp  High   Time   Low    Time   Days  Days  Rain  Speed High   Time    Dir
----------------------------------------------------------------------------------
 1  15,7  18,3   17:55  13,5   23:57   2,6   0,0   2,9  11,8  40,3   14:47     S
 2  14,4  17,7   14:09  12,5   05:06   3,9   0,0   3,0   7,5  29,5   17:44     W
 3  13,7  16,2   13:28  12,4   05:27   4,6   0,0   0,0   9,4  29,5   14:17   NNW
 4  15,4  21,9   12:47  12,7   23:39   3,3   0,4   0,0   6,9  28,1   17:45   NNW
 5  15,9  24,7   12:34   9,9   07:02   3,3   0,8   0,0   6,1  25,6   15:05   NNW
 6  14,6  20,9   14:02  10,9   06:33   4,0   0,3   0,0   5,8  23,4   15:49   NNW
 7  15,1  22,8   13:30  10,9   07:11   3,6   0,4   0,0   5,9  25,6   16:37   WNW
 8  14,9  20,3   13:37  10,8   06:54   3,6   0,2   0,0   7,5  25,6   10:34   SSW
 9  16,0  21,5   16:24  13,2   05:59   2,5   0,2   3,0   8,7  33,1   14:12     S
10  14,8  19,6   12:48   1,3   05:15   3,5   0,0  26,8  11,2  45,4   13:28     S
11  13,9  16,6   12:50  12,0   22:52   4,4   0,0   0,4   9,6  30,6   11:33   NNW
12  13,6  20,0   13:40   8,7   05:48   4,7   0,1   0,4   6,9  27,0   12:47    SE
13  14,2  17,4   17:52  11,5   05:42   4,1   0,0  21,4   9,7  28,1   11:11    SE
14  16,7  22,9   15:29  14,2   05:35   2,0   0,4   0,0   6,6  25,6   12:12    NE
15  16,3  20,8   12:22  14,2   23:59   2,2   0,2  16,5   6,2  20,9   18:54   NNE
16  15,7  22,4   12:45  12,6   22:31   2,9   0,3   0,0   6,5  27,0   15:11   NNW
17  16,5  23,5   14:06  11,8   02:43   2,7   0,9   0,0   7,1  24,5   15:23   NNE
18  16,2  22,9   13:30   9,8   06:32   3,0   0,8   0,0   7,2  28,1   10:33     W
19  15,6  19,4   12:10  12,9   05:32   2,8   0,0   0,4   7,0  30,6   14:25    NW
20  14,9  17,9   13:10  12,3   06:55   3,4   0,0   0,4   8,7  33,1   16:11    NW
21  14,4  16,7   10:28  12,9   06:55   3,9   0,0   0,7  11,3  40,3   17:03    SW
22  14,0  16,3   23:36  13,9   02:01   4,3   0,0   6,4   9,8  30,6   00:01    NW
23  14,7  18,4   11:51  12,6   01:11   3,6   0,0  17,8  15,8  43,9   09:11    SE
24  16,8  21,6   18:04  14,4   05:38   1,9   0,4   0,7  14,2  33,1   13:54   SSE
25  15,6  20,9   12:43  13,2   05:27   2,9   0,2  12,9   9,6  29,5   15:15   ESE
26  15,0  22,2   13:59  12,5   15:34   3,6   0,3  38,4   8,8  54,0   15:29     E
27  15,3  19,9   12:06  13,3   00:02   3,0   0,1   0,0   8,3  30,6   18:59    NW
28  14,0  17,0   12:39  12,4   03:44   4,3   0,0   0,0  10,8  40,3   16:19    NW
29  13,7  16,5   13:08  11,2   06:38   4,6   0,0   0,0  11,1  31,7   10:37    NW
30  13,3  16,2   15:20  11,2   02:50   5,0   0,0   0,0  15,9  45,4   15:38   NNW
----------------------------------------------------------------------------------
    15,0  24,7     5     1,3    10   104,2   6,0 152,1   9,1  54,0    26     WNW

Max >=  27,0:  0
Max <=   0,0:  0
Min <=   0,0:  0
Min <= -18,0:  0
Max Rain: 38,4 on day 26
Days of Rain: 16 (>= 0,2 mm)  10 (>= 2,0 mm)  3 (>= 20,0 mm)
Heat Base: 18,3  Cool Base: 18,3  Method: Integration