Caldas1b

Relatórios NOAA


Selecione um ano ou um mês para obter o Relatório
2024: Jan Fev Mar Abr Mai Jun Jul Ago Set Out Nov Dez
2023: Jan Fev Mar Abr Mai Jun Jul Ago Set Out Nov Dez
2022: Jan Fev Mar Abr Mai Jun Jul Ago Set Out Nov Dez
2021: Jan Fev Mar Abr Mai Jun Jul Ago Set Out Nov Dez
2020: Jan Fev Mar Abr Mai Jun Jul Ago Set Out Nov Dez
2019: Jan Fev Mar Abr Mai Jun Jul Ago Set Out Nov Dez
2018: Jan Fev Mar Abr Mai Jun Jul Ago Set Out Nov Dez
2017: Jan Fev Mar Abr Mai Jun Jul Ago Set Out Nov Dez
2016: Jan Fev Mar Abr Mai Jun Jul Ago Set Out Nov Dez
2015: Jan Fev Mar Abr Mai Jun Jul Ago Set Out Nov Dez

Relatório para o 2021 Julho
                   Monthly Climatological Summary for jul 2021

Name: www.meteocaldas.com   City: Caldas da Rainha   State: Portugal
Elevation: 130 m  Lat: N 39° 24' 29"   Lon: W 009° 08' 05"

                  Temperature (°C), Rain (mm), Wind Speed (km/h)

                                      Heat  Cool        Avg
    Mean                              Deg   Deg         Wind                 Dom
Day Temp  High   Time   Low    Time   Days  Days  Rain  Speed High   Time    Dir
----------------------------------------------------------------------------------
 1  16,5  20,0   14:24  13,4   01:37   2,1   0,3   0,0  16,1  33,1   17:46     N
 2  19,2  25,4   12:42  13,5   05:08   1,3   2,2   0,0   8,8  28,1   15:52   WNW
 3  19,6  23,0   16:38  17,0   23:58   0,1   1,4   0,7   9,4  25,6   17:02   WNW
 4  19,6  23,6   16:09  16,5   04:13   0,5   1,8   0,0   7,9  27,0   13:29   WNW
 5  19,7  22,7   16:05  18,2   08:30   0,0   1,4   0,0  12,7  35,6   16:47     W
 6  18,2  20,7   15:17  15,9   23:07   0,6   0,5   1,4  10,8  29,5   16:39    NW
 7  17,5  20,2   14:28  15,5   03:30   1,2   0,4   0,0  17,6  47,9   18:55   NNW
 8  15,6  15,8   08:17  14,5   04:07   2,7   0,0   0,0  24,0  43,9   07:39     N
 9  15,8  15,8   00:00  15,8   00:00   2,5   0,0   0,0  25,6  28,1   00:00     N
10  15,8  15,8   00:00  15,8   00:00   2,5   0,0   0,0  25,6  28,1   00:00     N
11  15,8  15,8   00:00  15,8   00:00   2,5   0,0   0,0  25,6  28,1   00:00     N
12  15,8  15,8   00:00  15,8   00:00   2,5   0,0   0,0  25,6  28,1   00:00     N
13  15,8  15,8   00:00  15,8   00:00   2,5   0,0   0,0  25,6  28,1   00:00     N
14  15,8  15,8   00:00  15,8   00:00   2,5   0,0   0,0  25,6  28,1   00:00     N
15  15,8  15,8   00:00  15,8   00:00   2,5   0,0   0,0  25,6  28,1   00:00     N
16  19,3  30,6   15:09  15,8   00:00   1,6   2,6   0,0  18,7  28,1   00:00     N
17  20,1  24,8   13:36  17,1   23:26   0,1   2,0   0,0   8,7  25,6   22:08    NW
18  17,8  20,1   15:21  16,8   06:38   0,8   0,2   0,0  16,8  39,2   18:19   NNW
19  17,0  18,4   16:21  15,9   08:19   1,3   0,0   0,0  18,7  37,8   14:52   NNW
20  18,0  20,8   14:56  16,6   05:55   0,8   0,4   0,0  17,9  41,8   15:28     N
21  17,2  20,1   11:59  15,7   23:41   1,3   0,2   0,0  22,6  46,4   15:28     N
22  16,3  19,0   16:20  14,9   06:46   2,0   0,0   0,0  15,2  35,6   02:15     N
23  18,6  22,9   14:34  15,1   00:00   1,1   1,4   0,0   9,2  30,6   17:05    NW
24  18,5  22,6   17:08  15,6   05:22   1,0   1,2   0,0  12,7  31,7   11:44   NNW
25  19,2  22,2   13:57  16,7   00:22   0,3   1,3   0,7   9,2  33,1   14:25   WNW
26  18,2  21,6   15:51  16,7   06:04   0,6   0,6   0,4  17,5  45,4   16:08   NNW
27  18,6  21,4   13:45  16,6   23:59   0,6   0,9   0,0  24,1  56,2   16:21     N
28  18,0  21,0   16:10  15,9   23:45   0,9   0,7   0,0  21,6  50,0   17:29     N
29  17,5  20,9   16:58  15,3   03:31   1,3   0,5   0,0  19,2  49,0   16:12   NNW
30  18,3  22,0   13:34  15,7   00:41   1,0   1,0   0,0  16,8  37,8   18:38   NNW
31  17,6  20,7   17:12  15,2   23:57   1,1   0,4   0,0  22,1  56,2   14:18   NNW
----------------------------------------------------------------------------------
    17,6  30,6    16    13,4     1    41,8  21,4   3,2  18,1  56,2    27     NNW

Max >=  27,0:  1
Max <=   0,0:  0
Min <=   0,0:  0
Min <= -18,0:  0
Max Rain: 1,4 on day 6
Days of Rain: 4 (>= 0,2 mm)  0 (>= 2,0 mm)  0 (>= 20,0 mm)
Heat Base: 18,3  Cool Base: 18,3  Method: Integration