Caldas1b

Relatórios NOAA


Selecione um ano ou um mês para obter o Relatório
2024: Jan Fev Mar Abr Mai Jun Jul Ago Set Out Nov Dez
2023: Jan Fev Mar Abr Mai Jun Jul Ago Set Out Nov Dez
2022: Jan Fev Mar Abr Mai Jun Jul Ago Set Out Nov Dez
2021: Jan Fev Mar Abr Mai Jun Jul Ago Set Out Nov Dez
2020: Jan Fev Mar Abr Mai Jun Jul Ago Set Out Nov Dez
2019: Jan Fev Mar Abr Mai Jun Jul Ago Set Out Nov Dez
2018: Jan Fev Mar Abr Mai Jun Jul Ago Set Out Nov Dez
2017: Jan Fev Mar Abr Mai Jun Jul Ago Set Out Nov Dez
2016: Jan Fev Mar Abr Mai Jun Jul Ago Set Out Nov Dez
2015: Jan Fev Mar Abr Mai Jun Jul Ago Set Out Nov Dez

Relatório para o 2021 Outubro
                   Monthly Climatological Summary for out 2021

Name: www.meteocaldas.com   City: Caldas da Rainha   State: Portugal
Elevation: 130 m  Lat: N 39° 24' 29"   Lon: W 009° 08' 05"

                  Temperature (°C), Rain (mm), Wind Speed (km/h)

                                      Heat  Cool        Avg
    Mean                              Deg   Deg         Wind                 Dom
Day Temp  High   Time   Low    Time   Days  Days  Rain  Speed High   Time    Dir
----------------------------------------------------------------------------------
 1  16,8  20,8   14:43  14,4   01:42   1,8   0,3   0,0   0,0  25,6   15:09   NNW
 2  18,4  22,4   13:11  16,2   00:02   0,7   0,8   0,4   0,1  13,3   14:05   WNW
 3  16,8  19,1   03:19  13,1   23:59   1,7   0,1  15,0   0,2  50,0   04:18    NW
 4  16,8  21,9   10:04  13,1   00:00   2,3   0,7   0,0   0,2  20,9   13:02    NW
 5  17,5  22,1   14:51  14,9   01:47   1,3   0,5   0,4   2,1  29,5   12:40    NW
 6  16,7  23,5   13:19  13,0   06:25   2,3   0,7   0,0   0,1  14,8   18:07   NNW
 7  19,1  27,3   10:21  14,3   03:18   1,6   2,4   0,0   0,1  18,4   16:11   NNW
 8  17,0  22,7   12:36  13,7   07:36   2,0   0,7   0,0   0,2  25,6   20:05   NNW
 9  16,5  20,2   14:52  14,0   23:42   2,0   0,2   0,0   0,2  24,5   01:51   NNW
10  18,0  30,2   15:15  11,7   07:39   2,3   2,0   0,0   0,0  13,3   17:55    NW
11  23,5  29,8   17:36  17,4   00:01   0,0   5,2   0,0   0,0  22,0   11:57   ESE
12  22,3  29,6   14:22  17,2   22:20   0,1   4,1   0,0   0,0  19,4   16:02   NNW
13  21,6  29,8   12:58  17,1   02:14   0,1   3,4   0,0   0,0  14,8   16:30   NNW
14  19,9  28,6   12:32  15,7   04:02   3,5   1,6   0,0   1,4  18,4   16:54   NNW
15  17,2  22,5   13:30  13,7   07:49   1,7   0,6   0,0   4,0  18,5   02:12     N
16  17,7  20,0   13:54  14,5   01:35   0,6   0,2   0,4   3,5  14,8   15:02     W
17  19,1  21,3   13:39  16,8   00:47   0,2   1,0   0,6   5,8  20,9   13:25    SW
18  19,5  26,2   16:32  14,9   08:02   0,5   1,7   0,0   5,0  17,3   09:15   SSE
19  21,9  27,7   14:06  17,7   00:00   0,0   3,6   0,0  10,1  29,5   16:26   SSE
20  18,5  22,9   13:09  16,2   05:28   0,5   0,8   0,0   5,6  28,1   15:08     W
21  16,5  19,3   12:57  14,7   21:01   1,8   0,0   1,0  10,9  42,8   13:23     N
22  15,2  18,6   14:45  13,2   08:06   3,1   0,0   0,0  14,1  46,4   15:58     N
23  15,7  22,8   13:21  10,7   05:39   3,1   0,5   0,0   5,0  25,6   17:31     N
24  14,7  19,7   13:26  10,7   06:42   3,7   0,1   0,0   5,5  24,5   14:01     N
25  15,6  17,0   11:11  12,3   07:49   2,7   0,0   0,0   8,3  18,4   11:33     N
26  15,5  20,7   14:08  10,9   08:23   3,0   0,2   0,0   7,0  29,5   17:49     N
27  18,1  27,0   14:33  12,2   04:57   1,5   1,3   0,0   5,7  24,5   11:37   ENE
28  17,1  21,8   12:52  10,3   05:34   1,8   0,5   0,0  10,2  33,1   22:12     S
29  17,4  19,2   23:10  16,3   07:56   1,0   0,1  12,6  16,3  77,0   21:19   SSW
30  18,3  19,9   21:09  15,8   06:29   0,6   0,5  26,7  14,7  66,2   00:16    SW
31  19,3  20,2   10:28  17,3   23:33   0,1   1,1  13,5  19,8  61,2   20:06    SW
----------------------------------------------------------------------------------
    18,0  30,2    10    10,3    28    47,6  34,9  70,6   5,1  77,0    29       W

Max >=  27,0:  8
Max <=   0,0:  0
Min <=   0,0:  0
Min <= -18,0:  0
Max Rain: 26,7 on day 30
Days of Rain: 9 (>= 0,2 mm)  4 (>= 2,0 mm)  1 (>= 20,0 mm)
Heat Base: 18,3  Cool Base: 18,3  Method: Integration