Caldas1b

Relatórios NOAA


Selecione um ano ou um mês para obter o Relatório
2024: Jan Fev Mar Abr Mai Jun Jul Ago Set Out Nov Dez
2023: Jan Fev Mar Abr Mai Jun Jul Ago Set Out Nov Dez
2022: Jan Fev Mar Abr Mai Jun Jul Ago Set Out Nov Dez
2021: Jan Fev Mar Abr Mai Jun Jul Ago Set Out Nov Dez
2020: Jan Fev Mar Abr Mai Jun Jul Ago Set Out Nov Dez
2019: Jan Fev Mar Abr Mai Jun Jul Ago Set Out Nov Dez
2018: Jan Fev Mar Abr Mai Jun Jul Ago Set Out Nov Dez
2017: Jan Fev Mar Abr Mai Jun Jul Ago Set Out Nov Dez
2016: Jan Fev Mar Abr Mai Jun Jul Ago Set Out Nov Dez
2015: Jan Fev Mar Abr Mai Jun Jul Ago Set Out Nov Dez

Relatório para o 2022 Março
                   Monthly Climatological Summary for mar 2022

Name: www.meteocaldas.com   City: Caldas da Rainha   State: Portugal
Elevation: 130 m  Lat: N 39° 24' 29"   Lon: W 009° 08' 05"

                  Temperature (°C), Rain (mm), Wind Speed (km/h)

                                      Heat  Cool        Avg
    Mean                              Deg   Deg         Wind                 Dom
Day Temp  High   Time   Low    Time   Days  Days  Rain  Speed High   Time    Dir
----------------------------------------------------------------------------------
 1  13,0  18,6   12:55   8,4   03:48   5,3   0,0   1,5   7,1  29,5   13:55    SW
 2  12,2  15,4   13:50   9,9   06:57   6,1   0,0   0,0   5,6  24,5   12:36    NW
 3  12,1  14,1   15:48   8,7   21:59   6,2   0,0   7,5  20,4  79,6   21:54   NNW
 4  10,3  12,7   14:28   8,9   00:00   8,0   0,0   0,0  20,5  62,3   00:59     N
 5  10,6  14,6   12:23   9,0   07:10   7,7   0,0   0,0   6,5  24,5   21:26     N
 6   9,6  13,7   14:04   5,4   06:26   8,7   0,0   0,0  11,7  51,5   14:14     N
 7  10,0  13,7   11:50   6,4   06:42   8,3   0,0   4,2   7,7  29,5   16:41   WSW
 8  12,1  15,5   13:19   9,9   00:00   6,2   0,0   0,6   9,6  40,3   12:40   WSW
 9  12,8  16,9   13:27  10,7   23:30   5,5   0,0   3,6  12,8  46,4   13:35     S
10  12,9  16,2   12:53  10,1   02:00   5,5   0,0   3,0  13,4  40,3   13:23   SSE
11  12,3  14,9   10:14   9,1   23:02   6,0   0,0   3,6   9,9  54,0   00:57     W
12  11,2  14,6   11:16   8,0   01:50   7,1   0,0  10,2  10,6  42,8   11:28     S
13  11,8  15,3   15:47   8,9   23:56   6,5   0,0   0,6   8,4  36,7   16:09    SW
14  11,1  15,6   13:51   8,6   00:04   7,2   0,0   0,0   9,2  33,1   13:53   ENE
15  12,4  18,3   13:55 -14,8   20:59   5,9   0,0   0,0   8,5  92,5   20:59   NNE
16  12,7  13,9   01:25  12,3   08:05   5,6   0,0   0,0  19,1  64,8   15:43   NNE
17  13,4  15,6   12:36  11,2   05:49   5,0   0,0   0,0   9,3  35,6   01:48   NNE
18  14,6  20,4   14:56  10,4   05:44   3,8   0,2   0,0   8,1  36,7   10:54   ESE
19  15,2  20,5   14:37  10,4   05:08   3,3   0,1   0,0   9,8  33,1   13:20   ESE
20  12,6  15,8   14:24   9,7   20:36   5,7   0,0  12,3  11,2  35,6   08:52   ESE
21  11,8  16,5   13:37   9,8   07:32   6,5   0,0   5,1   9,0  36,7   09:43   ESE
22  11,2  14,7   13:51   9,7   01:15   7,1   0,0  11,7   8,8  29,5   15:49    SE
23  11,7  13,4   19:23  10,2   01:04   6,6   0,0  24,6   7,8  50,0   16:38     E
24  13,6  17,0   15:25  11,1   00:42   4,7   0,0   0,0   9,6  42,8   06:11   ENE
25  14,4  16,7   13:02  11,7   03:13   3,9   0,0   0,0   6,9  29,5   13:22   ENE
26  14,7  19,7   15:19  12,0   06:00   3,6   0,1   0,0   7,4  29,5   07:19     E
27  16,2  20,7   15:18  12,7   07:39   2,4   0,4   0,0  11,5  35,6   08:40   ESE
28  16,6  21,2   15:27  13,5   08:40   2,0   0,3   0,0  11,3  43,9   06:42   ESE
29  13,8  16,4   00:10  12,5   21:15   4,5   0,0   0,0   9,0  43,9   20:46     N
30  12,7  15,5   14:41  11,3   06:02   5,6   0,0   3,9  15,6  47,9   05:28   NNW
31  12,3  14,3   14:52  10,9   06:28   6,0   0,0   0,3  15,3  51,5   10:20   NNW
----------------------------------------------------------------------------------
    12,6  21,2    28   -14,8    15   176,5   1,1  92,7  10,7  92,5    15      NE

Max >=  27,0:  0
Max <=   0,0:  0
Min <=   0,0:  1
Min <= -18,0:  0
Max Rain: 24,6 on day 23
Days of Rain: 15 (>= 0,2 mm)  11 (>= 2,0 mm)  1 (>= 20,0 mm)
Heat Base: 18,3  Cool Base: 18,3  Method: Integration