Caldas1b

Relatórios NOAA


Selecione um ano ou um mês para obter o Relatório
2024: Jan Fev Mar Abr Mai Jun Jul Ago Set Out Nov Dez
2023: Jan Fev Mar Abr Mai Jun Jul Ago Set Out Nov Dez
2022: Jan Fev Mar Abr Mai Jun Jul Ago Set Out Nov Dez
2021: Jan Fev Mar Abr Mai Jun Jul Ago Set Out Nov Dez
2020: Jan Fev Mar Abr Mai Jun Jul Ago Set Out Nov Dez
2019: Jan Fev Mar Abr Mai Jun Jul Ago Set Out Nov Dez
2018: Jan Fev Mar Abr Mai Jun Jul Ago Set Out Nov Dez
2017: Jan Fev Mar Abr Mai Jun Jul Ago Set Out Nov Dez
2016: Jan Fev Mar Abr Mai Jun Jul Ago Set Out Nov Dez
2015: Jan Fev Mar Abr Mai Jun Jul Ago Set Out Nov Dez

Relatório para o 2022 Abril
                   Monthly Climatological Summary for abr 2022

Name: www.meteocaldas.com   City: Caldas da Rainha   State: Portugal
Elevation: 130 m  Lat: N 39° 24' 29"   Lon: W 009° 08' 05"

                  Temperature (°C), Rain (mm), Wind Speed (km/h)

                                      Heat  Cool        Avg
    Mean                              Deg   Deg         Wind                 Dom
Day Temp  High   Time   Low    Time   Days  Days  Rain  Speed High   Time    Dir
----------------------------------------------------------------------------------
 1  11,5  13,5   16:50   9,3   23:54   6,8   0,0   0,0  15,6  47,9   12:25     N
 2  11,0  16,7   14:40   5,8   04:19   7,3   0,0   0,0   8,3  35,6   16:26    NE
 3  11,4  16,1   13:31   8,1   00:51   6,9   0,0   0,0  12,5  55,1   16:22    NE
 4  11,6  17,5   16:05   7,4   07:18   6,7   0,0   0,0  12,3  43,9   09:58    NE
 5  11,1  14,8   16:19   9,4   08:39   7,2   0,0   0,0   7,8  39,2   09:35   ENE
 6  11,8  14,9   11:23   8,8   07:22   6,5   0,0   0,0   8,6  35,6   14:09   NNW
 7  13,4  16,0   16:02  12,0   02:51   4,9   0,0   0,0   9,0  29,5   13:34   WNW
 8  14,4  16,7   13:42  12,9   06:37   3,9   0,0   0,9  13,0  42,8   13:01    SW
 9  14,4  16,9   12:18  13,5   20:58   3,9   0,0   4,2  10,9  33,1   02:25    SW
10  15,5  21,1   14:56  11,9   02:43   3,1   0,4   0,3  14,2  66,6   15:26   SSE
11  14,1  17,2   14:13  11,5   05:09   4,2   0,0   2,1  15,7  51,5   10:24   SSW
12  13,0  16,7   14:12  10,6   07:21   5,3   0,0   9,0  10,4  33,1   14:45     W
13  13,5  16,4   14:12  11,9   04:37   4,8   0,0   0,0  13,3  43,9   12:48     N
14  13,5  16,6   14:09  12,2   23:57   4,8   0,0   0,0  14,1  61,2   20:25     N
15  13,9  18,2   12:41  10,8   03:07   4,4   0,0   0,0  11,0  43,9   20:39     N
16  13,5  17,3   13:13  11,1   05:16   4,8   0,0   0,0  12,0  29,5   13:54     N
17  13,7  14,9   16:32  12,3   00:00   6,4   0,0   0,0  17,1  54,0   21:27     N
18  13,4  14,9   16:21  12,0   23:25   4,9   0,0   0,0  24,3  73,4   17:14     N
19  12,5  14,5   15:10  11,4   20:17   5,8   0,0   0,0  33,3  80,6   13:51     N
20  11,7  14,2   17:49   8,8   02:20   6,6   0,0   2,4  25,3  77,0   11:47     N
21  12,4  15,9   15:04  10,6   04:04   5,9   0,0  13,5  11,8  43,9   21:03     W
22   9,9  12,6   15:22   7,8   12:56   8,4   0,0  15,9   9,9  36,7   15:28    SW
23  11,9  16,3   14:40   7,9   00:40   6,4   0,0   3,6  10,8  31,7   04:56   WSW
24  13,6  17,9   14:08  10,0   06:30   4,7   0,0   0,0   6,2  22,0   14:22     W
25  14,2  17,8   17:27   8,8   07:00   4,1   0,0   0,0   7,8  25,6   17:27     S
26  14,4  19,1   15:06  11,8   05:26   3,9   0,0   3,6   8,6  36,7   12:35   SSW
27  14,2  17,2   14:44  12,1   07:49   4,1   0,0   0,0   9,2  35,6   18:40    NW
28  14,3  17,8   15:32  11,8   06:10   4,0   0,0   0,0  12,1  40,3   14:44     N
29  17,3  25,4   14:43  11,9   04:19   2,2   1,2   0,0   9,4  40,3   15:11    NE
30  15,9  21,0   13:34  12,9   05:58   2,7   0,2   0,0   8,6  31,7   14:30   NNW
----------------------------------------------------------------------------------
    13,2  25,4    29     5,8     2   155,6   1,8  55,5  12,7  80,6    19     NNW

Max >=  27,0:  0
Max <=   0,0:  0
Min <=   0,0:  0
Min <= -18,0:  0
Max Rain: 15,9 on day 22
Days of Rain: 10 (>= 0,2 mm)  8 (>= 2,0 mm)  0 (>= 20,0 mm)
Heat Base: 18,3  Cool Base: 18,3  Method: Integration