Caldas1b

Relatórios NOAA


Selecione um ano ou um mês para obter o Relatório
2024: Jan Fev Mar Abr Mai Jun Jul Ago Set Out Nov Dez
2023: Jan Fev Mar Abr Mai Jun Jul Ago Set Out Nov Dez
2022: Jan Fev Mar Abr Mai Jun Jul Ago Set Out Nov Dez
2021: Jan Fev Mar Abr Mai Jun Jul Ago Set Out Nov Dez
2020: Jan Fev Mar Abr Mai Jun Jul Ago Set Out Nov Dez
2019: Jan Fev Mar Abr Mai Jun Jul Ago Set Out Nov Dez
2018: Jan Fev Mar Abr Mai Jun Jul Ago Set Out Nov Dez
2017: Jan Fev Mar Abr Mai Jun Jul Ago Set Out Nov Dez
2016: Jan Fev Mar Abr Mai Jun Jul Ago Set Out Nov Dez
2015: Jan Fev Mar Abr Mai Jun Jul Ago Set Out Nov Dez

Relatório para o 2023 Janeiro
                   Monthly Climatological Summary for jan 2023

Name: www.meteocaldas.com   City: Caldas da Rainha   State: Portugal
Elevation: 130 m  Lat: N 39° 24' 29"   Lon: W 009° 08' 05"

                  Temperature (°C), Rain (mm), Wind Speed (km/h)

                                      Heat  Cool        Avg
    Mean                              Deg   Deg         Wind                 Dom
Day Temp  High   Time   Low    Time   Days  Days  Rain  Speed High   Time    Dir
----------------------------------------------------------------------------------
 1  14,2  18,1   11:18  10,1   23:15   4,1   0,0  13,2  12,5  73,4   13:51     S
 2  11,6  14,5   14:14   8,4   06:39   6,7   0,0   0,0   3,4  22,0   16:16    NE
 3  10,8  14,0   13:04   7,4   01:42   7,5   0,0   0,0   5,4  31,7   14:40    NE
 4  11,4  15,8   13:52   6,2   05:58   6,9   0,0   0,0   5,3  18,4   01:54   ENE
 5  11,6  16,7   14:47   8,2   05:27   6,7   0,0   0,0   6,5  24,5   11:23   ESE
 6  11,8  15,1   14:31   8,7   08:12   6,5   0,0   0,0   7,7  28,1   22:31    SE
 7  13,8  16,2   15:09  11,7   02:29   4,5   0,0  17,1  13,7  47,9   12:24   SSW
 8  15,3  16,7   12:27  13,8   00:01   3,0   0,0   7,5  17,4  58,7   10:33   WSW
 9  13,9  17,4   14:00  12,5   09:49   4,4   0,0   1,8   3,3  24,5   06:47   NNW
10  13,5  15,2   16:06  11,8   00:57   4,8   0,0   2,4   6,4  24,5   14:40   SSE
11  13,5  15,5   12:02  10,0   23:54   4,8   0,0   2,1  12,5  40,3   13:25     N
12  11,3  14,4   13:52   9,1   05:53   7,0   0,0   0,0   7,1  22,0   11:56   NNE
13  12,6  17,3   13:38   9,1   01:28   5,7   0,0   0,0   3,4  17,3   15:09    SE
14  11,2  13,0   13:45   9,1   09:06   7,1   0,0   0,0   8,8  24,5   05:01    SE
15  11,5  12,8   15:34   9,5   10:55   6,8   0,0   2,1  11,7  40,3   07:02     N
16  12,7  14,3   11:17  11,4   02:45   5,7   0,0   3,6  19,9  58,7   22:17   WNW
17  12,1  14,3   03:57   8,8   20:04   6,2   0,0   1,2  29,2  76,0   19:58    NW
18   9,1  11,5   14:36   6,9   10:12   9,2   0,0   6,9  17,2  84,6   02:35     N
19  10,1  13,4   13:23   5,0   03:30   8,2   0,0   2,7  11,6  51,5   20:49   WNW
20  13,3  14,8   13:16  12,5   01:21   5,0   0,0   7,2  12,5  40,3   01:24   NNW
21  13,2  14,6   15:01  12,2   23:44   5,1   0,0   1,2  17,2  68,4   16:08     N
22  10,0  14,6   14:13   5,9   06:57   8,4   0,0   0,0   6,2  29,5   00:04   NNE
23   8,1  12,7   15:13   4,0   05:32  10,2   0,0   0,0   6,9  24,5   12:04   NNE
24   7,8  12,8   13:29   2,8   07:24  10,5   0,0   0,0   6,3  28,1   16:01    NE
25   7,9  12,4   12:42   4,3   00:35  10,4   0,0   0,0   7,1  22,0   15:45    NE
26   8,2  12,2   14:48   5,9   06:31  10,1   0,0   3,9   9,3  50,0   13:20   NNE
27   8,4  11,9   14:44   5,2   06:22   9,9   0,0   0,0  10,4  51,5   13:46   NNE
28   8,0  12,1   14:42   4,0   06:16  10,3   0,0   0,0   8,9  31,7   15:50   NNE
29   7,3  22,4   00:04   3,7   06:29   8,7   0,0   0,0   6,2  24,5   11:04   ENE
30   8,8  14,2   14:52   5,6   05:05   9,5   0,0   0,0   6,6  24,5   09:50     E
31   9,5  14,3   10:15   6,1   04:17   8,8   0,0   0,0   7,8  33,1   16:50    NE
----------------------------------------------------------------------------------
    11,0  22,4    29     2,8    24   222,7   0,0  72,9  10,0  84,6    18       N

Max >=  27,0:  0
Max <=   0,0:  0
Min <=   0,0:  0
Min <= -18,0:  0
Max Rain: 17,1 on day 7
Days of Rain: 14 (>= 0,2 mm)  11 (>= 2,0 mm)  0 (>= 20,0 mm)
Heat Base: 18,3  Cool Base: 18,3  Method: Integration