Caldas1b

Relatórios NOAA


Selecione um ano ou um mês para obter o Relatório
2024: Jan Fev Mar Abr Mai Jun Jul Ago Set Out Nov Dez
2023: Jan Fev Mar Abr Mai Jun Jul Ago Set Out Nov Dez
2022: Jan Fev Mar Abr Mai Jun Jul Ago Set Out Nov Dez
2021: Jan Fev Mar Abr Mai Jun Jul Ago Set Out Nov Dez
2020: Jan Fev Mar Abr Mai Jun Jul Ago Set Out Nov Dez
2019: Jan Fev Mar Abr Mai Jun Jul Ago Set Out Nov Dez
2018: Jan Fev Mar Abr Mai Jun Jul Ago Set Out Nov Dez
2017: Jan Fev Mar Abr Mai Jun Jul Ago Set Out Nov Dez
2016: Jan Fev Mar Abr Mai Jun Jul Ago Set Out Nov Dez
2015: Jan Fev Mar Abr Mai Jun Jul Ago Set Out Nov Dez

Relatório para o 2023 Julho
                   Monthly Climatological Summary for jul 2023

Name: www.meteocaldas.com   City: Caldas da Rainha   State: Portugal
Elevation: 130 m  Lat: N 39° 24' 29"   Lon: W 009° 08' 05"

                  Temperature (°C), Rain (mm), Wind Speed (km/h)

                                      Heat  Cool        Avg
    Mean                              Deg   Deg         Wind                 Dom
Day Temp  High   Time   Low    Time   Days  Days  Rain  Speed High   Time    Dir
----------------------------------------------------------------------------------
 1  18,2  18,2   00:00  18,2   00:00   0,1   0,0   0,0  25,8  35,6   00:00     N
 2  18,2  18,2   00:00  18,2   00:00   0,1   0,0   0,0  25,8  35,6   00:00     N
 3  18,2  18,2   00:00  18,2   00:00   0,1   0,0   0,0  25,8  35,6   00:00     N
 4  18,2  18,2   00:00  18,2   00:00   0,1   0,0   0,0  25,8  35,6   00:00     N
 5  18,2  18,2   00:00  18,2   00:00   0,1   0,0   0,0  25,8  35,6   00:00     N
 6  18,2  18,2   00:00  18,2   00:00   0,1   0,0   0,0  25,8  35,6   00:00     N
 7  18,2  18,2   00:00  18,2   00:00   0,1   0,0   0,0  25,8  35,6   00:00     N
 8  18,2  18,2   00:00  18,2   00:00   0,1   0,0   0,0  25,8  35,6   00:00     N
 9  18,2  18,2   00:00  18,2   00:00   0,1   0,0   0,0  25,8  35,6   00:00     N
10  18,2  18,2   00:00  18,2   00:00   0,1   0,0   0,0  25,8  35,6   00:00     N
11  18,2  18,2   00:00  18,2   00:00   0,1   0,0   0,0  25,8  35,6   00:00     N
12  18,2  18,2   00:00  18,2   00:00   0,1   0,0   0,0  25,8  35,6   00:00     N
13  18,2  18,2   00:00  18,2   00:00   0,1   0,0   0,0  25,8  35,6   00:00     N
14  18,2  18,2   00:00  18,2   00:00   0,1   0,0   0,0  25,8  35,6   00:00     N
15  19,0  23,3   15:36  17,3   23:06   0,2   0,9   0,0  24,6  35,6   00:00   NNW
16  18,1  20,7   14:36  16,2   03:06   0,7   0,5   0,0  15,1  39,2   13:36   NNW
17  18,5  21,0   14:37  16,7   02:06   0,5   0,7   0,0  15,6  39,2   18:37     N
18  19,2  23,8   14:07  15,8   05:07   0,7   1,6   0,0  11,8  29,5   14:37     N
19  18,4  20,8   17:41  16,8   03:07   0,4   0,5   0,0  15,1  42,8   12:35     N
20  18,8  21,7   15:39  17,4   02:17   0,3   0,8   0,0  15,7  47,9   12:13     N
21  18,7  21,6   17:42  17,3   00:45   0,4   0,8   2,1  10,1  39,2   10:27   NNW
22  18,2  21,2   15:17  16,4   23:17   0,6   0,5   0,0  13,9  57,6   20:41     N
23  18,5  21,9   15:56  16,2   01:12   0,7   0,9   0,0  12,4  54,0   11:18     N
24  19,0  22,1   15:23  17,1   10:13   0,2   0,9   0,3  12,1  55,1   13:38   NNW
25  17,7  21,2   14:28  15,8   05:00   1,0   0,4   0,0  17,7  69,8   19:08     N
26  17,8  21,8   14:18  15,3   02:53   1,2   0,6   0,0   9,1  50,0   17:42     N
27  18,6  21,7   15:41  17,0   00:59   0,5   0,8   0,0   5,2  39,2   00:38     N
28  20,1  24,3   14:28  17,0   03:37   0,3   2,1   0,0   6,0  31,7   18:38   NNW
29  20,3  25,4   13:26  17,9   22:09   0,0   2,1   0,0   9,5  46,4   17:26   NNW
30  18,6  21,3   13:10  16,8   05:13   0,5   0,8   0,0  16,9  64,8   15:34     N
31  19,0  21,8   15:58  16,6   01:51   0,5   1,2   0,0  16,0  57,6   15:11     N
----------------------------------------------------------------------------------
    18,5  25,4    29    15,3    26    10,1  16,1   2,4  19,4  69,8    25       N

Max >=  27,0:  0
Max <=   0,0:  0
Min <=   0,0:  0
Min <= -18,0:  0
Max Rain: 2,1 on day 21
Days of Rain: 2 (>= 0,2 mm)  1 (>= 2,0 mm)  0 (>= 20,0 mm)
Heat Base: 18,3  Cool Base: 18,3  Method: Integration