Caldas1b

Relatórios NOAA


Selecione um ano ou um mês para obter o Relatório
2024: Jan Fev Mar Abr Mai Jun Jul Ago Set Out Nov Dez
2023: Jan Fev Mar Abr Mai Jun Jul Ago Set Out Nov Dez
2022: Jan Fev Mar Abr Mai Jun Jul Ago Set Out Nov Dez
2021: Jan Fev Mar Abr Mai Jun Jul Ago Set Out Nov Dez
2020: Jan Fev Mar Abr Mai Jun Jul Ago Set Out Nov Dez
2019: Jan Fev Mar Abr Mai Jun Jul Ago Set Out Nov Dez
2018: Jan Fev Mar Abr Mai Jun Jul Ago Set Out Nov Dez
2017: Jan Fev Mar Abr Mai Jun Jul Ago Set Out Nov Dez
2016: Jan Fev Mar Abr Mai Jun Jul Ago Set Out Nov Dez
2015: Jan Fev Mar Abr Mai Jun Jul Ago Set Out Nov Dez

Relatório para o 2023 Dezembro
                   Monthly Climatological Summary for dez 2023

Name: www.meteocaldas.com   City: Caldas da Rainha   State: Portugal
Elevation: 130 m  Lat: N 39° 24' 29"   Lon: W 009° 08' 05"

                  Temperature (°C), Rain (mm), Wind Speed (km/h)

                                      Heat  Cool        Avg
    Mean                              Deg   Deg         Wind                 Dom
Day Temp  High   Time   Low    Time   Days  Days  Rain  Speed High   Time    Dir
----------------------------------------------------------------------------------
 1  11,4  14,4   14:14   9,0   06:43   6,9   0,0   8,7   0,0   3,6   09:46   ---
 2  11,4  14,6   13:45   8,7   08:09   6,9   0,0   4,5   0,0   0,0   00:00   ---
 3  10,2  13,9   20:57   7,4   06:47   8,1   0,0  11,1   0,0   3,6   10:06   ---
 4  13,6  15,8   10:18  10,2   23:40   4,7   0,0   1,8   0,0   2,5   19:47   ---
 5   9,8  11,0   00:00   8,2   06:59   8,5   0,0   2,1   0,0   0,0   00:00   ---
 6  10,7  11,0   00:00  10,7   00:14   7,6   0,0   0,0   0,0   0,0   00:00   ---
 7  10,7  10,7   00:00  10,7   00:00   7,6   0,0   0,0   0,0   0,0   00:00   ---
 8  10,7  10,7   00:00  10,7   00:00   7,6   0,0   0,0   0,0   0,0   00:00   ---
 9  10,7  10,7   00:00  10,7   00:00   7,6   0,0   0,0   0,0   0,0   00:00   ---
10  12,4  17,6   17:04  10,7   00:00   5,9   0,0   9,6   0,0   0,0   00:00   ---
11  15,1  16,6   13:45  13,1   07:58   3,2   0,0   0,0   0,0   3,6   20:28   ---
12  15,5  19,0   12:38  12,7   23:13   2,8   0,0   5,4   0,0   0,0   00:00   ---
13  13,0  15,0   13:49  10,7   23:05   5,3   0,0   1,5   0,0   0,0   00:00   ---
14  11,1  14,4   14:30   8,9   23:40   7,2   0,0   0,0   0,0   2,5   12:52   ---
15  13,2  17,7   15:35   7,7   03:40   5,1   0,0   0,0   0,0   0,0   00:00   ---
16  13,0  17,2   14:46   9,9   22:43   5,3   0,0   0,0   0,0   0,0   00:00   ---
17  11,7  17,3   13:30   8,5   04:20   6,6   0,0   0,0   0,0   0,0   00:00   ---
18  10,5  16,7   14:30   7,0   01:28   7,8   0,0   0,0   0,0   0,0   00:00   ---
19   9,2  11,8   14:29   6,4   07:38   9,1   0,0   0,0   0,0   0,0   00:00   ---
20  11,8  13,7   11:42   9,6   01:49   6,5   0,0   0,0   0,0   0,0   00:00   ---
21  11,0  13,5   12:41   8,4   05:01   7,3   0,0   0,0   0,0   0,0   00:00   ---
22  11,2  14,5   14:28   8,5   07:53   7,1   0,0   0,0   0,0   0,0   00:00   ---
23  11,4  17,9   14:49   5,5   02:08   6,9   0,0   0,0   0,0   0,0   00:00   ---
24  11,2  15,2   13:40   8,7   07:11   7,1   0,0   0,0   0,0   0,0   00:00   ---
25  10,2  13,3   12:31   8,6   05:08   8,1   0,0   0,0   0,0   0,0   00:00   ---
26  10,8  15,2   15:16   7,5   23:59   7,5   0,0   0,0   0,0   0,0   00:00   ---
27   7,1   8,5   18:13   5,9   03:04  11,2   0,0   0,0   0,0   0,0   00:00   ---
28  10,2  13,4   13:52   7,7   00:00   8,1   0,0   0,0   0,0   0,0   00:00   ---
29  11,1  12,9   12:36   9,9   07:24   7,2   0,0   0,0   0,0   0,0   00:00   ---
30  11,6  15,1   14:51   9,2   10:09   6,7   0,0   0,9   0,0   0,0   00:00   ---
31  12,1  14,4   13:39   9,7   23:47   6,2   0,0   6,3   0,0   0,0   00:00   ---
----------------------------------------------------------------------------------
    11,4  19,0    12     5,5    23   213,7   0,0  51,9   0,0   3,6     1     ---

Max >=  27,0:  0
Max <=   0,0:  0
Min <=   0,0:  0
Min <= -18,0:  0
Max Rain: 11,1 on day 3
Days of Rain: 10 (>= 0,2 mm)  7 (>= 2,0 mm)  0 (>= 20,0 mm)
Heat Base: 18,3  Cool Base: 18,3  Method: Integration